CRAN Package Check Results for Package chantrics

Last updated on 2023-01-29 00:53:30 CET.

Flavor Version Tinstall Tcheck Ttotal Status Flags
r-devel-linux-x86_64-debian-clang 1.0.0 3.87 134.54 138.41 OK
r-devel-linux-x86_64-debian-gcc 1.0.0 2.51 97.22 99.73 OK
r-devel-linux-x86_64-fedora-clang 1.0.0 160.38 NOTE
r-devel-linux-x86_64-fedora-gcc 1.0.0 173.01 NOTE
r-devel-windows-x86_64 1.0.0 15.00 169.00 184.00 OK
r-patched-linux-x86_64 1.0.0 4.04 123.05 127.09 OK
r-release-linux-x86_64 1.0.0 2.70 123.33 126.03 OK
r-release-macos-arm64 1.0.0 45.00 NOTE
r-release-macos-x86_64 1.0.0 78.00 NOTE
r-release-windows-x86_64 1.0.0 18.00 174.00 192.00 OK
r-oldrel-macos-arm64 1.0.0 50.00 NOTE
r-oldrel-macos-x86_64 1.0.0 68.00 NOTE
r-oldrel-windows-ix86+x86_64 1.0.0 9.00 160.00 169.00 OK

Check Details

Version: 1.0.0
Check: dependencies in R code
Result: NOTE
    Namespaces in Imports field not imported from:
     ‘AER’ ‘graphics’ ‘lmtest’
     All declared Imports should be used.
Flavors: r-devel-linux-x86_64-fedora-clang, r-devel-linux-x86_64-fedora-gcc, r-release-macos-arm64, r-release-macos-x86_64, r-oldrel-macos-arm64, r-oldrel-macos-x86_64