CRAN Package Check Results for Package charlatan

Last updated on 2021-03-05 00:48:34 CET.

Flavor Version Tinstall Tcheck Ttotal Status Flags
r-devel-linux-x86_64-debian-clang 0.4.0 23.53 94.42 117.95 OK
r-devel-linux-x86_64-debian-gcc 0.4.0 19.73 71.12 90.85 OK
r-devel-linux-x86_64-fedora-clang 0.4.0 150.61 OK
r-devel-linux-x86_64-fedora-gcc 0.4.0 135.06 OK
r-devel-windows-ix86+x86_64 0.4.0 39.00 115.00 154.00 OK
r-patched-linux-x86_64 0.4.0 OK
r-patched-solaris-x86 0.4.0 176.90 NOTE
r-release-linux-x86_64 0.4.0 21.94 89.47 111.41 OK
r-release-macos-x86_64 0.4.0 OK
r-release-windows-ix86+x86_64 0.4.0 27.00 97.00 124.00 OK
r-oldrel-macos-x86_64 0.4.0 OK
r-oldrel-windows-ix86+x86_64 0.4.0 36.00 110.00 146.00 OK

Check Details

Version: 0.4.0
Check: package dependencies
Result: NOTE
    Package suggested but not available for checking: ‘iptools’
Flavor: r-patched-solaris-x86