CRAN Package Check Results for Package checkmate

Last updated on 2020-05-29 01:50:05 CEST.

Flavor Version Tinstall Tcheck Ttotal Status Flags
r-devel-linux-x86_64-debian-clang 2.0.0 10.43 75.37 85.80 OK
r-devel-linux-x86_64-debian-gcc 2.0.0 7.76 56.16 63.92 OK
r-devel-linux-x86_64-fedora-clang 2.0.0 97.41 OK
r-devel-linux-x86_64-fedora-gcc 2.0.0 102.01 OK
r-devel-windows-ix86+x86_64 2.0.0 47.00 146.00 193.00 OK
r-patched-linux-x86_64 2.0.0 8.90 73.97 82.87 OK
r-patched-solaris-x86 2.0.0 130.10 ERROR
r-release-linux-x86_64 2.0.0 8.92 74.65 83.57 OK
r-release-osx-x86_64 2.0.0 OK
r-release-windows-ix86+x86_64 2.0.0 28.00 123.00 151.00 OK
r-oldrel-osx-x86_64 2.0.0 OK
r-oldrel-windows-ix86+x86_64 2.0.0 79.00 109.00 188.00 OK

Check Details

Version: 2.0.0
Check: tests
Result: ERROR
     Running ‘test-all.R’ [17s/26s]
    Running the tests in ‘tests/test-all.R’ failed.
    Complete output:
     > library(testthat)
     > test_check("checkmate")
     Loading required package: checkmate
     ── 1. Failure: checkNames (@test_checkNames.R#34) ─────────────────────────────
     testNames("ä", type = "strict") isn't false.
    
     ── 2. Failure: checkNames (@test_checkNames.R#35) ─────────────────────────────
     testNames("ä", type = "ids") isn't false.
    
     ══ testthat results ═══════════════════════════════════════════════════════════
     [ OK: 2899 | SKIPPED: 1 | WARNINGS: 0 | FAILED: 2 ]
     1. Failure: checkNames (@test_checkNames.R#34)
     2. Failure: checkNames (@test_checkNames.R#35)
    
     Error: testthat unit tests failed
     Execution halted
Flavor: r-patched-solaris-x86