CRAN Package Check Results for Package chemmodlab

Last updated on 2020-09-19 00:50:01 CEST.

Flavor Version Tinstall Tcheck Ttotal Status Flags
r-devel-linux-x86_64-debian-clang 1.1.0 12.43 84.79 97.22 OK
r-devel-linux-x86_64-debian-gcc 1.1.0 9.19 65.07 74.26 OK
r-devel-linux-x86_64-fedora-clang 1.1.0 128.17 OK
r-devel-linux-x86_64-fedora-gcc 1.1.0 117.50 OK
r-devel-windows-ix86+x86_64 1.1.0 24.00 106.00 130.00 OK
r-patched-linux-x86_64 1.1.0 10.87 82.56 93.43 OK
r-release-linux-x86_64 1.1.0 9.73 83.21 92.94 OK
r-release-macos-x86_64 1.1.0 OK
r-release-windows-ix86+x86_64 1.1.0 23.00 103.00 126.00 OK
r-oldrel-macos-x86_64 1.1.0 WARN
r-oldrel-windows-ix86+x86_64 1.1.0 19.00 100.00 119.00 OK

Check Details

Version: 1.1.0
Check: whether package can be installed
Result: WARN
    Found the following significant warnings:
     Warning: 'rgl.init' failed, running with 'rgl.useNULL = TRUE'.
Flavor: r-oldrel-macos-x86_64