CRAN Package Check Results for Package chemometrics

Last updated on 2022-10-01 02:49:06 CEST.

Flavor Version Tinstall Tcheck Ttotal Status Flags
r-devel-linux-x86_64-debian-clang 1.4.2 9.21 147.23 156.44 NOTE
r-devel-linux-x86_64-debian-gcc 1.4.2 5.18 108.08 113.26 NOTE
r-devel-linux-x86_64-fedora-clang 1.4.2 206.00 NOTE
r-devel-linux-x86_64-fedora-gcc 1.4.2 194.11 NOTE
r-devel-windows-x86_64 1.4.2 69.00 265.00 334.00 NOTE
r-patched-linux-x86_64 1.4.2 10.06 143.23 153.29 NOTE
r-release-linux-x86_64 1.4.2 8.62 142.27 150.89 NOTE
r-release-macos-arm64 1.4.2 55.00 OK
r-release-macos-x86_64 1.4.2 93.00 OK
r-release-windows-x86_64 1.4.2 91.00 234.00 325.00 OK
r-oldrel-macos-arm64 1.4.2 69.00 OK
r-oldrel-macos-x86_64 1.4.2 138.00 OK
r-oldrel-windows-ix86+x86_64 1.4.2 14.00 176.00 190.00 OK

Check Details

Version: 1.4.2
Check: Rd files
Result: NOTE
    checkRd: (-1) hyptis.Rd:31: Escaped LaTeX specials: \&
Flavors: r-devel-linux-x86_64-debian-clang, r-devel-linux-x86_64-debian-gcc, r-devel-linux-x86_64-fedora-clang, r-devel-linux-x86_64-fedora-gcc, r-devel-windows-x86_64

Version: 1.4.2
Check: for non-standard things in the check directory
Result: NOTE
    Found the following files/directories:
     'stepres00.txt'
Flavors: r-devel-linux-x86_64-debian-clang, r-devel-linux-x86_64-debian-gcc, r-devel-linux-x86_64-fedora-clang, r-devel-linux-x86_64-fedora-gcc, r-patched-linux-x86_64, r-release-linux-x86_64