Last updated on 2023-02-06 00:52:24 CET.
Flavor | Version | Tinstall | Tcheck | Ttotal | Status | Flags |
---|---|---|---|---|---|---|
r-devel-linux-x86_64-debian-clang | 1.0.1 | 7.39 | 80.17 | 87.56 | NOTE | |
r-devel-linux-x86_64-debian-gcc | 1.0.1 | 5.86 | 62.54 | 68.40 | NOTE | |
r-devel-linux-x86_64-fedora-clang | 1.0.1 | 117.45 | NOTE | |||
r-devel-linux-x86_64-fedora-gcc | 1.0.1 | 120.29 | NOTE | |||
r-devel-windows-x86_64 | 1.0.1 | 23.00 | 120.00 | 143.00 | NOTE | |
r-patched-linux-x86_64 | 1.0.1 | 8.06 | 77.53 | 85.59 | NOTE | |
r-release-linux-x86_64 | 1.0.1 | 6.48 | 75.49 | 81.97 | NOTE | |
r-release-macos-arm64 | 1.0.1 | 32.00 | NOTE | |||
r-release-macos-x86_64 | 1.0.1 | 52.00 | NOTE | |||
r-release-windows-x86_64 | 1.0.1 | 25.00 | 125.00 | 150.00 | NOTE | |
r-oldrel-macos-arm64 | 1.0.1 | 35.00 | NOTE | |||
r-oldrel-macos-x86_64 | 1.0.1 | 73.00 | NOTE | |||
r-oldrel-windows-ix86+x86_64 | 1.0.1 | 17.00 | 112.00 | 129.00 | NOTE |
Version: 1.0.1
Check: LazyData
Result: NOTE
'LazyData' is specified without a 'data' directory
Flavors: r-devel-linux-x86_64-debian-clang, r-devel-linux-x86_64-debian-gcc, r-devel-linux-x86_64-fedora-clang, r-devel-linux-x86_64-fedora-gcc, r-devel-windows-x86_64, r-patched-linux-x86_64, r-release-linux-x86_64, r-release-macos-arm64, r-release-macos-x86_64, r-release-windows-x86_64, r-oldrel-macos-arm64, r-oldrel-macos-x86_64, r-oldrel-windows-ix86+x86_64