CRAN Package Check Results for Package childsds

Last updated on 2021-11-30 00:51:24 CET.

Flavor Version Tinstall Tcheck Ttotal Status Flags
r-devel-linux-x86_64-debian-clang 0.7.6 7.80 55.35 63.15 OK
r-devel-linux-x86_64-debian-gcc 0.7.6 5.12 41.51 46.63 OK
r-devel-linux-x86_64-fedora-clang 0.7.6 84.12 NOTE
r-devel-linux-x86_64-fedora-gcc 0.7.6 73.01 NOTE
r-devel-windows-x86_64-new-UL 0.7.6 23.00 104.00 127.00 OK
r-devel-windows-x86_64-new-TK 0.7.6 NOTE
r-devel-windows-x86_64-old 0.7.6 15.00 60.00 75.00 OK
r-patched-linux-x86_64 0.7.6 7.30 50.58 57.88 OK
r-patched-solaris-x86 0.7.6 103.20 NOTE
r-release-linux-x86_64 0.7.6 6.97 51.04 58.01 OK
r-release-macos-arm64 0.7.6 NOTE
r-release-macos-x86_64 0.7.6 NOTE
r-release-windows-ix86+x86_64 0.7.6 19.00 57.00 76.00 OK
r-oldrel-macos-x86_64 0.7.6 NOTE
r-oldrel-windows-ix86+x86_64 0.7.6 15.00 57.00 72.00 OK

Check Details

Version: 0.7.6
Check: dependencies in R code
Result: NOTE
    Namespace in Imports field not imported from: ‘gamlss.dist’
     All declared Imports should be used.
Flavors: r-devel-linux-x86_64-fedora-clang, r-devel-linux-x86_64-fedora-gcc, r-devel-windows-x86_64-new-TK, r-patched-solaris-x86, r-release-macos-arm64, r-release-macos-x86_64, r-oldrel-macos-x86_64

Version: 0.7.6
Check: data for non-ASCII characters
Result: NOTE
     Note: found 29 marked UTF-8 strings
Flavors: r-devel-linux-x86_64-fedora-clang, r-devel-linux-x86_64-fedora-gcc, r-devel-windows-x86_64-new-TK, r-patched-solaris-x86, r-release-macos-arm64, r-release-macos-x86_64, r-oldrel-macos-x86_64