CRAN Package Check Results for Package cholera

Last updated on 2022-11-27 00:55:38 CET.

Flavor Version Tinstall Tcheck Ttotal Status Flags
r-devel-linux-x86_64-debian-clang 0.7.9 17.16 232.32 249.48 OK
r-devel-linux-x86_64-debian-gcc 0.7.9 14.25 166.75 181.00 OK
r-devel-linux-x86_64-fedora-clang 0.7.9 322.47 NOTE
r-devel-linux-x86_64-fedora-gcc 0.7.9 326.49 NOTE
r-devel-windows-x86_64 0.7.9 93.00 274.00 367.00 OK
r-patched-linux-x86_64 0.7.9 OK
r-release-linux-x86_64 0.7.9 14.85 204.68 219.53 OK
r-release-macos-arm64 0.7.9 63.00 NOTE
r-release-macos-x86_64 0.7.9 132.00 NOTE
r-release-windows-x86_64 0.7.9 105.00 265.00 370.00 OK
r-oldrel-macos-arm64 0.7.9 82.00 NOTE
r-oldrel-macos-x86_64 0.7.9 95.00 NOTE
r-oldrel-windows-ix86+x86_64 0.7.9 35.00 251.00 286.00 OK

Check Details

Version: 0.7.9
Check: dependencies in R code
Result: NOTE
    Namespace in Imports field not imported from: ‘raster’
     All declared Imports should be used.
Flavors: r-devel-linux-x86_64-fedora-clang, r-devel-linux-x86_64-fedora-gcc, r-release-macos-arm64, r-release-macos-x86_64, r-oldrel-macos-arm64, r-oldrel-macos-x86_64