CRAN Package Check Results for Package cholera

Last updated on 2020-05-31 01:48:35 CEST.

Flavor Version Tinstall Tcheck Ttotal Status Flags
r-devel-linux-x86_64-debian-clang 0.7.0 18.33 192.21 210.54 OK
r-devel-linux-x86_64-debian-gcc 0.7.0 11.70 139.38 151.08 OK
r-devel-linux-x86_64-fedora-clang 0.7.0 235.11 OK
r-devel-linux-x86_64-fedora-gcc 0.7.0 238.90 OK
r-devel-windows-ix86+x86_64 0.7.0 44.00 256.00 300.00 OK
r-patched-linux-x86_64 0.7.0 18.92 187.89 206.81 OK
r-patched-solaris-x86 0.7.0 289.50 NOTE
r-release-linux-x86_64 0.7.0 13.67 184.80 198.47 OK
r-release-osx-x86_64 0.7.0 OK
r-release-windows-ix86+x86_64 0.7.0 29.00 211.00 240.00 OK
r-oldrel-osx-x86_64 0.7.0 OK
r-oldrel-windows-ix86+x86_64 0.7.0 24.00 185.00 209.00 OK

Check Details

Version: 0.7.0
Check: installed package size
Result: NOTE
     installed size is 5.7Mb
     sub-directories of 1Mb or more:
     data 1.0Mb
     doc 1.7Mb
     help 2.3Mb
Flavor: r-patched-solaris-x86