CRAN Package Check Results for Package choroplethr

Last updated on 2020-09-29 01:48:24 CEST.

Flavor Version Tinstall Tcheck Ttotal Status Flags
r-devel-linux-x86_64-debian-clang 3.7.0 27.32 150.70 178.02 OK
r-devel-linux-x86_64-debian-gcc 3.7.0 20.92 112.94 133.86 OK
r-devel-linux-x86_64-fedora-clang 3.7.0 138.06 NOTE
r-devel-linux-x86_64-fedora-gcc 3.7.0 125.01 NOTE
r-devel-windows-ix86+x86_64 3.7.0 59.00 213.00 272.00 OK
r-patched-linux-x86_64 3.7.0 18.31 139.02 157.33 OK
r-patched-solaris-x86 3.7.0 308.30 NOTE
r-release-linux-x86_64 3.7.0 16.50 138.14 154.64 OK
r-release-macos-x86_64 3.7.0 NOTE
r-release-windows-ix86+x86_64 3.7.0 57.00 200.00 257.00 OK
r-oldrel-macos-x86_64 3.7.0 NOTE
r-oldrel-windows-ix86+x86_64 3.7.0 51.00 204.00 255.00 OK

Check Details

Version: 3.7.0
Check: data for non-ASCII characters
Result: NOTE
     Note: found 10 marked UTF-8 strings
Flavors: r-devel-linux-x86_64-fedora-clang, r-devel-linux-x86_64-fedora-gcc, r-patched-solaris-x86, r-release-macos-x86_64, r-oldrel-macos-x86_64