CRAN Package Check Results for Package chromoMap

Last updated on 2019-10-13 01:46:10 CEST.

Flavor Version Tinstall Tcheck Ttotal Status Flags
r-devel-linux-x86_64-debian-clang 0.2 3.37 27.12 30.49 OK
r-devel-linux-x86_64-debian-gcc 0.2 2.53 22.26 24.79 OK
r-devel-linux-x86_64-fedora-clang 0.2 38.51 NOTE
r-devel-linux-x86_64-fedora-gcc 0.2 39.14 NOTE
r-devel-windows-ix86+x86_64 0.2 8.00 43.00 51.00 OK
r-patched-linux-x86_64 0.2 2.90 27.01 29.91 OK
r-patched-solaris-x86 0.2 62.30 NOTE
r-release-linux-x86_64 0.2 2.66 27.67 30.33 OK
r-release-windows-ix86+x86_64 0.2 10.00 57.00 67.00 OK
r-release-osx-x86_64 0.2 NOTE
r-oldrel-windows-ix86+x86_64 0.2 4.00 40.00 44.00 OK
r-oldrel-osx-x86_64 0.2 NOTE

Check Details

Version: 0.2
Check: dependencies in R code
Result: NOTE
    Namespace in Imports field not imported from: ‘htmltools’
     All declared Imports should be used.
Flavors: r-devel-linux-x86_64-fedora-clang, r-devel-linux-x86_64-fedora-gcc, r-patched-solaris-x86, r-release-osx-x86_64, r-oldrel-osx-x86_64