CRAN Package Check Results for Package chromoMap

Last updated on 2020-07-11 02:09:17 CEST.

Flavor Version Tinstall Tcheck Ttotal Status Flags
r-devel-linux-x86_64-debian-clang 0.2 2.94 25.41 28.35 OK
r-devel-linux-x86_64-debian-gcc 0.2 2.61 20.39 23.00 OK
r-devel-linux-x86_64-fedora-clang 0.2 42.73 NOTE
r-devel-linux-x86_64-fedora-gcc 0.2 34.82 NOTE
r-devel-windows-ix86+x86_64 0.2 7.00 52.00 59.00 OK
r-patched-linux-x86_64 0.2 3.29 25.69 28.98 OK
r-patched-solaris-x86 0.2 53.50 NOTE
r-release-linux-x86_64 0.2 2.90 25.54 28.44 OK
r-release-osx-x86_64 0.2 NOTE
r-release-windows-ix86+x86_64 0.2 7.00 42.00 49.00 OK
r-oldrel-osx-x86_64 0.2 NOTE
r-oldrel-windows-ix86+x86_64 0.2 8.00 37.00 45.00 OK

Check Details

Version: 0.2
Check: dependencies in R code
Result: NOTE
    Namespace in Imports field not imported from: ‘htmltools’
     All declared Imports should be used.
Flavors: r-devel-linux-x86_64-fedora-clang, r-devel-linux-x86_64-fedora-gcc, r-patched-solaris-x86, r-release-osx-x86_64, r-oldrel-osx-x86_64