Last updated on 2022-06-30 01:49:05 CEST.
Flavor | Version | Tinstall | Tcheck | Ttotal | Status | Flags |
---|---|---|---|---|---|---|
r-devel-linux-x86_64-debian-clang | 0.3 | 5.63 | 70.44 | 76.07 | OK | |
r-devel-linux-x86_64-debian-gcc | 0.3 | 4.64 | 52.53 | 57.17 | OK | |
r-devel-linux-x86_64-fedora-clang | 0.3 | 99.08 | NOTE | |||
r-devel-linux-x86_64-fedora-gcc | 0.3 | 97.87 | NOTE | |||
r-devel-windows-x86_64 | 0.3 | 33.00 | 105.00 | 138.00 | OK | |
r-patched-linux-x86_64 | 0.3 | 4.81 | 66.36 | 71.17 | OK | |
r-release-linux-x86_64 | 0.3 | 5.97 | 66.16 | 72.13 | OK | |
r-release-macos-arm64 | 0.3 | 32.00 | NOTE | |||
r-release-macos-x86_64 | 0.3 | 51.00 | NOTE | |||
r-release-windows-x86_64 | 0.3 | 33.00 | 96.00 | 129.00 | OK | |
r-oldrel-macos-arm64 | 0.3 | 32.00 | NOTE | |||
r-oldrel-macos-x86_64 | 0.3 | 51.00 | NOTE | |||
r-oldrel-windows-ix86+x86_64 | 0.3 | 12.00 | 95.00 | 107.00 | OK |
Version: 0.3
Check: dependencies in R code
Result: NOTE
Namespaces in Imports field not imported from:
‘DT’ ‘dplyr’ ‘prettydoc’ ‘rmdformats’ ‘skimr’
All declared Imports should be used.
Flavors: r-devel-linux-x86_64-fedora-clang, r-devel-linux-x86_64-fedora-gcc, r-release-macos-arm64, r-release-macos-x86_64, r-oldrel-macos-arm64, r-oldrel-macos-x86_64