CRAN Package Check Results for Package chronochrt

Last updated on 2021-12-06 00:48:24 CET.

Flavor Version Tinstall Tcheck Ttotal Status Flags
r-devel-linux-x86_64-debian-clang 0.1.0 6.35 88.25 94.60 OK
r-devel-linux-x86_64-debian-gcc 0.1.0 4.59 65.25 69.84 OK
r-devel-linux-x86_64-fedora-clang 0.1.0 115.68 NOTE
r-devel-linux-x86_64-fedora-gcc 0.1.0 96.85 NOTE
r-devel-windows-x86_64-new-UL 0.1.0 15.00 134.00 149.00 OK
r-devel-windows-x86_64-new-TK 0.1.0 NOTE
r-devel-windows-x86_64-old 0.1.0 10.00 75.00 85.00 OK
r-patched-linux-x86_64 0.1.0 5.61 74.59 80.20 OK
r-release-linux-x86_64 0.1.0 4.82 82.28 87.10 OK
r-release-macos-arm64 0.1.0 NOTE
r-release-macos-x86_64 0.1.0 NOTE
r-release-windows-ix86+x86_64 0.1.0 12.00 105.00 117.00 OK
r-oldrel-macos-x86_64 0.1.0 NOTE
r-oldrel-windows-ix86+x86_64 0.1.0 12.00 105.00 117.00 OK

Check Details

Version: 0.1.0
Check: dependencies in R code
Result: NOTE
    Namespaces in Imports field not imported from:
     ‘dplyr’ ‘magick’ ‘tidyr’
     All declared Imports should be used.
Flavors: r-devel-linux-x86_64-fedora-clang, r-devel-linux-x86_64-fedora-gcc, r-devel-windows-x86_64-new-TK, r-release-macos-arm64, r-release-macos-x86_64, r-oldrel-macos-x86_64