CRAN Package Check Results for Package ciTools

Last updated on 2023-09-22 07:57:27 CEST.

Flavor Version Tinstall Tcheck Ttotal Status Flags
r-devel-linux-x86_64-debian-clang 0.6.1 13.86 326.90 340.76 NOTE
r-devel-linux-x86_64-debian-gcc 0.6.1 12.09 244.40 256.49 NOTE
r-devel-linux-x86_64-fedora-clang 0.6.1 411.21 NOTE
r-devel-linux-x86_64-fedora-gcc 0.6.1 462.71 NOTE
r-devel-windows-x86_64 0.6.1 13.00 231.00 244.00 NOTE
r-patched-linux-x86_64 0.6.1 18.22 305.47 323.69 NOTE
r-release-linux-x86_64 0.6.1 12.93 306.72 319.65 NOTE
r-release-macos-arm64 0.6.1 129.00 NOTE
r-release-macos-x86_64 0.6.1 213.00 NOTE
r-release-windows-x86_64 0.6.1 18.00 303.00 321.00 NOTE
r-oldrel-macos-arm64 0.6.1 130.00 NOTE
r-oldrel-macos-x86_64 0.6.1 233.00 NOTE
r-oldrel-windows-x86_64 0.6.1 18.00 286.00 304.00 NOTE

Check Details

Version: 0.6.1
Check: LazyData
Result: NOTE
     'LazyData' is specified without a 'data' directory
Flavors: r-devel-linux-x86_64-debian-clang, r-devel-linux-x86_64-debian-gcc, r-devel-linux-x86_64-fedora-clang, r-devel-linux-x86_64-fedora-gcc, r-devel-windows-x86_64, r-patched-linux-x86_64, r-release-linux-x86_64, r-release-macos-arm64, r-release-macos-x86_64, r-release-windows-x86_64, r-oldrel-macos-arm64, r-oldrel-macos-x86_64, r-oldrel-windows-x86_64