CRAN Package Check Results for Package ciftiTools

Last updated on 2021-08-03 01:50:22 CEST.

Flavor Version Tinstall Tcheck Ttotal Status Flags
r-devel-linux-x86_64-debian-clang 0.3.1 11.33 84.16 95.49 OK
r-devel-linux-x86_64-debian-gcc 0.3.1 11.56 62.15 73.71 OK
r-devel-linux-x86_64-fedora-clang 0.3.1 123.53 NOTE
r-devel-linux-x86_64-fedora-gcc 0.3.1 112.27 OK
r-devel-windows-x86_64 0.3.1 27.00 104.00 131.00 NOTE
r-devel-windows-x86_64-gcc10-UCRT 0.3.1 OK
r-patched-linux-x86_64 0.3.1 OK
r-patched-solaris-x86 0.3.1 147.40 NOTE
r-release-linux-x86_64 0.3.1 9.87 79.85 89.72 OK
r-release-macos-arm64 0.3.1 NOTE
r-release-macos-x86_64 0.3.1 NOTE
r-release-windows-ix86+x86_64 0.3.1 26.00 102.00 128.00 NOTE
r-oldrel-macos-x86_64 0.3.1 NOTE
r-oldrel-windows-ix86+x86_64 0.3.1 41.00 104.00 145.00 NOTE

Check Details

Version: 0.3.1
Check: installed package size
Result: NOTE
     installed size is 5.0Mb
     sub-directories of 1Mb or more:
     extdata 4.3Mb
Flavors: r-devel-linux-x86_64-fedora-clang, r-devel-windows-x86_64, r-patched-solaris-x86, r-release-macos-arm64, r-release-macos-x86_64, r-release-windows-ix86+x86_64, r-oldrel-macos-x86_64, r-oldrel-windows-ix86+x86_64