Last updated on 2023-03-31 07:53:21 CEST.
Flavor | Version | Tinstall | Tcheck | Ttotal | Status | Flags |
---|---|---|---|---|---|---|
r-devel-linux-x86_64-debian-clang | 0.4-1 | 5.44 | 52.06 | 57.50 | NOTE | |
r-devel-linux-x86_64-debian-gcc | 0.4-1 | 4.34 | 39.57 | 43.91 | NOTE | |
r-devel-linux-x86_64-fedora-clang | 0.4-1 | 72.31 | NOTE | |||
r-devel-linux-x86_64-fedora-gcc | 0.4-1 | 79.10 | NOTE | |||
r-devel-windows-x86_64 | 0.4-1 | 29.00 | 85.00 | 114.00 | NOTE | |
r-patched-linux-x86_64 | 0.4-1 | 5.44 | 49.07 | 54.51 | NOTE | |
r-release-linux-x86_64 | 0.4-1 | 4.81 | 51.12 | 55.93 | NOTE | |
r-release-macos-arm64 | 0.4-1 | 28.00 | NOTE | |||
r-release-macos-x86_64 | 0.4-1 | 45.00 | NOTE | |||
r-release-windows-x86_64 | 0.4-1 | 23.00 | 93.00 | 116.00 | NOTE | |
r-oldrel-macos-arm64 | 0.4-1 | 33.00 | NOTE | |||
r-oldrel-macos-x86_64 | 0.4-1 | 40.00 | NOTE | |||
r-oldrel-windows-ix86+x86_64 | 0.4-1 | 14.00 | 79.00 | 93.00 | NOTE |
Version: 0.4-1
Check: LazyData
Result: NOTE
'LazyData' is specified without a 'data' directory
Flavors: r-devel-linux-x86_64-debian-clang, r-devel-linux-x86_64-debian-gcc, r-devel-linux-x86_64-fedora-clang, r-devel-linux-x86_64-fedora-gcc, r-devel-windows-x86_64, r-patched-linux-x86_64, r-release-linux-x86_64, r-release-macos-arm64, r-release-macos-x86_64, r-release-windows-x86_64, r-oldrel-macos-arm64, r-oldrel-macos-x86_64, r-oldrel-windows-ix86+x86_64
Version: 0.4-1
Check: R code for possible problems
Result: NOTE
Initiating curl with CURL_SSL_BACKEND: openssl
Flavor: r-oldrel-windows-ix86+x86_64