Last updated on 2023-10-01 08:51:54 CEST.
Flavor | Version | Tinstall | Tcheck | Ttotal | Status | Flags |
---|---|---|---|---|---|---|
r-devel-linux-x86_64-debian-clang | 0.2.3 | 7.45 | 155.41 | 162.86 | OK | |
r-devel-linux-x86_64-debian-gcc | 0.2.3 | 6.43 | 114.78 | 121.21 | OK | |
r-devel-linux-x86_64-fedora-clang | 0.2.3 | 201.61 | OK | |||
r-devel-linux-x86_64-fedora-gcc | 0.2.3 | 217.19 | OK | |||
r-devel-windows-x86_64 | 0.2.3 | 11.00 | 129.00 | 140.00 | OK | |
r-patched-linux-x86_64 | 0.2.3 | 6.28 | 145.61 | 151.89 | OK | |
r-release-linux-x86_64 | 0.2.3 | 6.43 | 148.02 | 154.45 | OK | |
r-release-macos-arm64 | 0.2.3 | 6.00 | ERROR | |||
r-release-macos-x86_64 | 0.2.3 | 6.00 | ERROR | |||
r-release-windows-x86_64 | 0.2.3 | 12.00 | 164.00 | 176.00 | OK | |
r-oldrel-macos-arm64 | 0.2.3 | 9.00 | ERROR | |||
r-oldrel-macos-x86_64 | 0.2.3 | 11.00 | ERROR | |||
r-oldrel-windows-x86_64 | 0.2.3 | 13.00 | 163.00 | 176.00 | OK |
Version: 0.2.3
Check: package dependencies
Result: ERROR
Packages required but not available:
'ChIPseeker', 'TxDb.Hsapiens.UCSC.hg38.knownGene'
See section ‘The DESCRIPTION file’ in the ‘Writing R Extensions’
manual.
Flavor: r-release-macos-arm64
Version: 0.2.3
Check: package dependencies
Result: ERROR
Packages required but not available:
'TxDb.Hsapiens.UCSC.hg38.knownGene',
'TxDb.Mmusculus.UCSC.mm10.knownGene'
See section ‘The DESCRIPTION file’ in the ‘Writing R Extensions’
manual.
Flavor: r-release-macos-x86_64
Version: 0.2.3
Check: package dependencies
Result: ERROR
Packages required but not available:
'ChIPseeker', 'TxDb.Hsapiens.UCSC.hg38.knownGene',
'TxDb.Mmusculus.UCSC.mm10.knownGene'
See section ‘The DESCRIPTION file’ in the ‘Writing R Extensions’
manual.
Flavor: r-oldrel-macos-arm64
Version: 0.2.3
Check: package dependencies
Result: ERROR
Package required but not available: ‘TxDb.Mmusculus.UCSC.mm10.knownGene’
See section ‘The DESCRIPTION file’ in the ‘Writing R Extensions’
manual.
Flavor: r-oldrel-macos-x86_64