CRAN Package Check Results for Package circlize

Last updated on 2020-02-28 00:47:50 CET.

Flavor Version Tinstall Tcheck Ttotal Status Flags
r-devel-linux-x86_64-debian-clang 0.4.8 14.80 82.92 97.72 OK
r-devel-linux-x86_64-debian-gcc 0.4.8 10.38 63.36 73.74 OK
r-devel-linux-x86_64-fedora-clang 0.4.8 112.88 OK
r-devel-linux-x86_64-fedora-gcc 0.4.8 117.62 OK
r-devel-windows-ix86+x86_64 0.4.8 18.00 90.00 108.00 OK
r-devel-windows-ix86+x86_64-gcc8 0.4.8 20.00 100.00 120.00 OK
r-patched-linux-x86_64 0.4.8 10.44 74.20 84.64 OK
r-patched-solaris-x86 0.4.8 130.90 OK
r-release-linux-x86_64 0.4.8 10.82 73.81 84.63 OK
r-release-windows-ix86+x86_64 0.4.8 16.00 95.00 111.00 OK
r-release-osx-x86_64 0.4.8 NOTE
r-oldrel-windows-ix86+x86_64 0.4.8 14.00 82.00 96.00 OK
r-oldrel-osx-x86_64 0.4.8 OK

Check Details

Version: 0.4.8
Check: package dependencies
Result: NOTE
    Package suggested but not available for checking: ‘ComplexHeatmap’
Flavor: r-release-osx-x86_64