Last updated on 2021-04-19 02:46:42 CEST.
Flavor | Version | Tinstall | Tcheck | Ttotal | Status | Flags |
---|---|---|---|---|---|---|
r-devel-linux-x86_64-debian-clang | 3.0.0 | 25.73 | 184.53 | 210.26 | NOTE | |
r-devel-linux-x86_64-debian-gcc | 3.0.0 | 20.38 | 140.67 | 161.05 | NOTE | |
r-devel-linux-x86_64-fedora-clang | 3.0.0 | 262.50 | NOTE | |||
r-devel-linux-x86_64-fedora-gcc | 3.0.0 | 346.67 | NOTE | |||
r-devel-windows-ix86+x86_64 | 3.0.0 | 45.00 | 155.00 | 200.00 | NOTE | |
r-devel-windows-x86_64-gcc10-UCRT | 3.0.0 | NOTE | ||||
r-patched-linux-x86_64 | 3.0.0 | 24.95 | 175.07 | 200.02 | OK | |
r-patched-solaris-x86 | 3.0.0 | 291.10 | OK | |||
r-release-linux-x86_64 | 3.0.0 | 25.27 | 175.26 | 200.53 | OK | |
r-release-macos-x86_64 | 3.0.0 | OK | ||||
r-release-windows-ix86+x86_64 | 3.0.0 | 43.00 | 164.00 | 207.00 | OK | |
r-oldrel-macos-x86_64 | 3.0.0 | OK | ||||
r-oldrel-windows-ix86+x86_64 | 3.0.0 | 31.00 | 203.00 | 234.00 | OK |
Version: 3.0.0
Check: LazyData
Result: NOTE
'LazyData' is specified without a 'data' directory
Flavors: r-devel-linux-x86_64-debian-clang, r-devel-linux-x86_64-debian-gcc, r-devel-linux-x86_64-fedora-clang, r-devel-linux-x86_64-fedora-gcc, r-devel-windows-ix86+x86_64, r-devel-windows-x86_64-gcc10-UCRT