CRAN Package Check Results for Package cjoint

Last updated on 2020-06-04 02:47:56 CEST.

Flavor Version Tinstall Tcheck Ttotal Status Flags
r-devel-linux-x86_64-debian-clang 2.1.0 17.39 131.91 149.30 OK
r-devel-linux-x86_64-debian-gcc 2.1.0 13.47 101.46 114.93 OK
r-devel-linux-x86_64-fedora-clang 2.1.0 183.10 NOTE
r-devel-linux-x86_64-fedora-gcc 2.1.0 175.29 NOTE
r-devel-windows-ix86+x86_64 2.1.0 42.00 266.00 308.00 OK
r-patched-linux-x86_64 2.1.0 15.31 128.82 144.13 OK
r-patched-solaris-x86 2.1.0 302.40 NOTE
r-release-linux-x86_64 2.1.0 16.31 129.83 146.14 OK
r-release-osx-x86_64 2.1.0 NOTE
r-release-windows-ix86+x86_64 2.1.0 27.00 142.00 169.00 OK
r-oldrel-osx-x86_64 2.1.0 NOTE
r-oldrel-windows-ix86+x86_64 2.1.0 36.00 190.00 226.00 OK

Check Details

Version: 2.1.0
Check: dependencies in R code
Result: NOTE
    Namespace in Imports field not imported from: ‘shinyBS’
     All declared Imports should be used.
Flavors: r-devel-linux-x86_64-fedora-clang, r-devel-linux-x86_64-fedora-gcc, r-patched-solaris-x86, r-release-osx-x86_64, r-oldrel-osx-x86_64

Version: 2.1.0
Check: data for non-ASCII characters
Result: NOTE
     Note: found 29 marked UTF-8 strings
Flavors: r-devel-linux-x86_64-fedora-clang, r-devel-linux-x86_64-fedora-gcc, r-patched-solaris-x86, r-release-osx-x86_64, r-oldrel-osx-x86_64