CRAN Package Check Results for Package cjoint

Last updated on 2019-11-17 01:48:05 CET.

Flavor Version Tinstall Tcheck Ttotal Status Flags
r-devel-linux-x86_64-debian-clang 2.1.0 15.86 125.80 141.66 OK
r-devel-linux-x86_64-debian-gcc 2.1.0 12.01 94.58 106.59 OK
r-devel-linux-x86_64-fedora-clang 2.1.0 163.90 NOTE
r-devel-linux-x86_64-fedora-gcc 2.1.0 159.59 NOTE
r-devel-windows-ix86+x86_64 2.1.0 48.00 169.00 217.00 OK
r-patched-linux-x86_64 2.1.0 14.08 118.64 132.72 OK
r-patched-solaris-x86 2.1.0 311.50 NOTE
r-release-linux-x86_64 2.1.0 13.23 114.78 128.01 OK
r-release-windows-ix86+x86_64 2.1.0 24.00 182.00 206.00 OK
r-release-osx-x86_64 2.1.0 NOTE
r-oldrel-windows-ix86+x86_64 2.1.0 17.00 130.00 147.00 OK
r-oldrel-osx-x86_64 2.1.0 NOTE

Check Details

Version: 2.1.0
Check: dependencies in R code
Result: NOTE
    Namespace in Imports field not imported from: ‘shinyBS’
     All declared Imports should be used.
Flavors: r-devel-linux-x86_64-fedora-clang, r-devel-linux-x86_64-fedora-gcc, r-patched-solaris-x86, r-release-osx-x86_64, r-oldrel-osx-x86_64

Version: 2.1.0
Check: data for non-ASCII characters
Result: NOTE
     Note: found 29 marked UTF-8 strings
Flavors: r-devel-linux-x86_64-fedora-clang, r-devel-linux-x86_64-fedora-gcc, r-patched-solaris-x86, r-release-osx-x86_64, r-oldrel-osx-x86_64