CRAN Package Check Results for Package clarifai

Last updated on 2022-06-25 01:48:56 CEST.

Flavor Version Tinstall Tcheck Ttotal Status Flags
r-devel-linux-x86_64-debian-clang 0.4.2 2.86 30.54 33.40 NOTE
r-devel-linux-x86_64-debian-gcc 0.4.2 1.98 24.01 25.99 NOTE
r-devel-linux-x86_64-fedora-clang 0.4.2 50.74 NOTE
r-devel-linux-x86_64-fedora-gcc 0.4.2 50.69 NOTE
r-devel-windows-x86_64 0.4.2 34.00 78.00 112.00 NOTE
r-patched-linux-x86_64 0.4.2 2.53 29.61 32.14 NOTE
r-release-linux-x86_64 0.4.2 2.41 30.58 32.99 NOTE
r-release-macos-arm64 0.4.2 21.00 NOTE
r-release-macos-x86_64 0.4.2 27.00 NOTE
r-release-windows-x86_64 0.4.2 31.00 66.00 97.00 NOTE
r-oldrel-macos-arm64 0.4.2 25.00 NOTE
r-oldrel-macos-x86_64 0.4.2 33.00 NOTE
r-oldrel-windows-ix86+x86_64 0.4.2 6.00 53.00 59.00 NOTE

Check Details

Version: 0.4.2
Check: LazyData
Result: NOTE
     'LazyData' is specified without a 'data' directory
Flavors: r-devel-linux-x86_64-debian-clang, r-devel-linux-x86_64-debian-gcc, r-devel-linux-x86_64-fedora-clang, r-devel-linux-x86_64-fedora-gcc, r-devel-windows-x86_64, r-patched-linux-x86_64, r-release-linux-x86_64, r-release-macos-arm64, r-release-macos-x86_64, r-release-windows-x86_64, r-oldrel-macos-arm64, r-oldrel-macos-x86_64, r-oldrel-windows-ix86+x86_64