CRAN Package Check Results for Package classInt

Last updated on 2024-06-19 08:57:44 CEST.

Flavor Version Tinstall Tcheck Ttotal Status Flags
r-devel-linux-x86_64-debian-clang 0.4-10 4.52 86.83 91.35 OK
r-devel-linux-x86_64-debian-gcc 0.4-10 2.99 65.21 68.20 OK
r-devel-linux-x86_64-fedora-clang 0.4-10 112.98 OK
r-devel-linux-x86_64-fedora-gcc 0.4-10 126.92 OK
r-devel-windows-x86_64 0.4-10 7.00 97.00 104.00 OK
r-patched-linux-x86_64 0.4-10 3.64 85.89 89.53 OK
r-release-linux-x86_64 0.4-10 2.62 86.70 89.32 OK
r-release-macos-arm64 0.4-10 47.00 OK
r-release-macos-x86_64 0.4-10 40.00 ERROR
r-release-windows-x86_64 0.4-10 7.00 96.00 103.00 OK
r-oldrel-macos-arm64 0.4-10 73.00 OK
r-oldrel-macos-x86_64 0.4-10 92.00 OK
r-oldrel-windows-x86_64 0.4-10 8.00 101.00 109.00 OK

Check Details

Version: 0.4-10
Check: re-building of vignette outputs
Result: ERROR Error(s) in re-building vignettes: ... --- re-building ‘headtailsR.Rmd’ using rmarkdown Error: processing vignette 'headtailsR.Rmd' failed with diagnostics: there is no package called ‘sass’ --- failed re-building ‘headtailsR.Rmd’ SUMMARY: processing the following file failed: ‘headtailsR.Rmd’ Error: Vignette re-building failed. Execution halted Flavor: r-release-macos-x86_64