CRAN Package Check Results for Package classifierplots

Last updated on 2025-01-19 07:49:56 CET.

Flavor Version Tinstall Tcheck Ttotal Status Flags
r-devel-linux-x86_64-debian-clang 1.4.0 13.69 100.46 114.15 OK
r-devel-linux-x86_64-debian-gcc 1.4.0 8.33 73.73 82.06 OK
r-devel-linux-x86_64-fedora-clang 1.4.0 196.50 NOTE
r-devel-linux-x86_64-fedora-gcc 1.4.0 173.73 NOTE
r-devel-windows-x86_64 1.4.0 14.00 101.00 115.00 OK
r-patched-linux-x86_64 1.4.0 13.50 93.18 106.68 OK
r-release-linux-x86_64 1.4.0 13.26 93.72 106.98 OK
r-release-macos-arm64 1.4.0 46.00 OK
r-release-macos-x86_64 1.4.0 78.00 OK
r-release-windows-x86_64 1.4.0 14.00 100.00 114.00 OK
r-oldrel-macos-arm64 1.4.0 59.00 OK
r-oldrel-macos-x86_64 1.4.0 93.00 OK
r-oldrel-windows-x86_64 1.4.0 19.00 126.00 145.00 OK

Check Details

Version: 1.4.0
Check: dependencies in R code
Result: NOTE Namespace in Imports field not imported from: ‘Rcpp’ All declared Imports should be used. Flavors: r-devel-linux-x86_64-fedora-clang, r-devel-linux-x86_64-fedora-gcc