CRAN Package Check Results for Package classifierplots

Last updated on 2020-09-20 01:50:03 CEST.

Flavor Version Tinstall Tcheck Ttotal Status Flags
r-devel-linux-x86_64-debian-clang 1.3.3 14.12 104.98 119.10 OK
r-devel-linux-x86_64-debian-gcc 1.3.3 11.33 79.69 91.02 OK
r-devel-linux-x86_64-fedora-clang 1.3.3 153.23 NOTE
r-devel-linux-x86_64-fedora-gcc 1.3.3 144.89 NOTE
r-devel-windows-ix86+x86_64 1.3.3 33.00 109.00 142.00 OK
r-patched-linux-x86_64 1.3.3 12.11 100.21 112.32 OK
r-patched-solaris-x86 1.3.3 218.70 NOTE
r-release-linux-x86_64 1.3.3 13.45 101.63 115.08 OK
r-release-macos-x86_64 1.3.3 NOTE
r-release-windows-ix86+x86_64 1.3.3 33.00 131.00 164.00 OK
r-oldrel-macos-x86_64 1.3.3 NOTE
r-oldrel-windows-ix86+x86_64 1.3.3 20.00 123.00 143.00 OK

Check Details

Version: 1.3.3
Check: dependencies in R code
Result: NOTE
    Namespace in Imports field not imported from: ‘Rcpp’
     All declared Imports should be used.
Flavors: r-devel-linux-x86_64-fedora-clang, r-devel-linux-x86_64-fedora-gcc, r-patched-solaris-x86, r-release-macos-x86_64, r-oldrel-macos-x86_64