CRAN Package Check Results for Package classmap

Last updated on 2022-11-27 00:55:38 CET.

Flavor Version Tinstall Tcheck Ttotal Status Flags
r-devel-linux-x86_64-debian-clang 1.2.0 14.90 141.17 156.07 OK
r-devel-linux-x86_64-debian-gcc 1.2.0 10.91 106.14 117.05 OK
r-devel-linux-x86_64-fedora-clang 1.2.0 204.31 NOTE
r-devel-linux-x86_64-fedora-gcc 1.2.0 952.24 NOTE
r-devel-windows-x86_64 1.2.0 45.00 764.00 809.00 OK
r-patched-linux-x86_64 1.2.0 OK
r-release-linux-x86_64 1.2.0 12.76 648.68 661.44 OK
r-release-macos-arm64 1.2.0 313.00 NOTE
r-release-macos-x86_64 1.2.0 519.00 NOTE
r-release-windows-x86_64 1.2.0 28.00 790.00 818.00 OK
r-oldrel-macos-arm64 1.2.0 322.00 NOTE
r-oldrel-macos-x86_64 1.2.0 426.00 NOTE
r-oldrel-windows-ix86+x86_64 1.2.0 30.00 165.00 195.00 OK

Check Details

Version: 1.2.0
Check: data for non-ASCII characters
Result: NOTE
     Note: found 9 marked UTF-8 strings
Flavors: r-devel-linux-x86_64-fedora-clang, r-devel-linux-x86_64-fedora-gcc, r-release-macos-arm64, r-release-macos-x86_64, r-oldrel-macos-arm64, r-oldrel-macos-x86_64