Last updated on 2023-11-30 07:52:30 CET.
Flavor | Version | Tinstall | Tcheck | Ttotal | Status | Flags |
---|---|---|---|---|---|---|
r-devel-linux-x86_64-debian-clang | 1.6.0 | 79.82 | 26.69 | 106.51 | OK | |
r-devel-linux-x86_64-debian-gcc | 1.6.0 | 54.11 | 20.84 | 74.95 | OK | |
r-devel-linux-x86_64-fedora-clang | 1.6.0 | 189.03 | OK | |||
r-devel-linux-x86_64-fedora-gcc | 1.6.0 | 160.34 | OK | |||
r-devel-windows-x86_64 | 1.6.0 | 59.00 | 69.00 | 128.00 | OK | |
r-patched-linux-x86_64 | 1.6.0 | 68.62 | 26.70 | 95.32 | OK | |
r-release-linux-x86_64 | 1.6.0 | 70.59 | 26.54 | 97.13 | OK | |
r-release-macos-arm64 | 1.6.0 | 102.00 | NOTE | |||
r-release-macos-x86_64 | 1.6.0 | 58.00 | NOTE | |||
r-release-windows-x86_64 | 1.6.0 | 66.00 | 78.00 | 144.00 | OK | |
r-oldrel-macos-arm64 | 1.6.0 | 44.00 | NOTE | |||
r-oldrel-macos-x86_64 | 1.6.0 | 125.00 | NOTE | |||
r-oldrel-windows-x86_64 | 1.6.0 | 81.00 | 76.00 | 157.00 | OK |
Version: 1.6.0
Check: installed package size
Result: NOTE
installed size is 9.3Mb
sub-directories of 1Mb or more:
libs 9.3Mb
Flavors: r-release-macos-arm64, r-release-macos-x86_64, r-oldrel-macos-arm64, r-oldrel-macos-x86_64