CRAN Package Check Results for Package cld3

Last updated on 2020-07-14 02:06:44 CEST.

Flavor Version Tinstall Tcheck Ttotal Status Flags
r-devel-linux-x86_64-debian-clang 1.3 68.77 23.08 91.85 OK
r-devel-linux-x86_64-debian-gcc 1.3 49.89 18.66 68.55 OK
r-devel-linux-x86_64-fedora-clang 1.3 151.99 NOTE
r-devel-linux-x86_64-fedora-gcc 1.3 118.64 OK
r-devel-windows-ix86+x86_64 1.3 171.00 85.00 256.00 OK
r-patched-linux-x86_64 1.3 51.37 23.04 74.41 OK
r-patched-solaris-x86 1.3 107.60 OK
r-release-linux-x86_64 1.3 51.07 23.02 74.09 OK
r-release-macos-x86_64 1.3 ERROR
r-release-windows-ix86+x86_64 1.3 179.00 63.00 242.00 OK
r-oldrel-macos-x86_64 1.3 NOTE
r-oldrel-windows-ix86+x86_64 1.3 166.00 76.00 242.00 OK

Additional issues

gcc-UBSAN

Check Details

Version: 1.3
Check: installed package size
Result: NOTE
     installed size is 5.8Mb
     sub-directories of 1Mb or more:
     libs 5.8Mb
Flavors: r-devel-linux-x86_64-fedora-clang, r-oldrel-macos-x86_64

Version: 1.3
Check: whether package can be installed
Result: ERROR
    Installation failed.
Flavor: r-release-macos-x86_64