CRAN Package Check Results for Package clere

Last updated on 2020-07-11 02:09:17 CEST.

Flavor Version Tinstall Tcheck Ttotal Status Flags
r-devel-linux-x86_64-debian-clang 1.2.0 108.90 60.59 169.49 OK
r-devel-linux-x86_64-debian-gcc 1.2.0 95.64 46.68 142.32 OK
r-devel-linux-x86_64-fedora-clang 1.2.0 254.34 NOTE
r-devel-linux-x86_64-fedora-gcc 1.2.0 237.21 OK
r-devel-windows-ix86+x86_64 1.2.0 185.00 147.00 332.00 OK
r-patched-linux-x86_64 1.2.0 102.92 64.71 167.63 OK
r-patched-solaris-x86 1.2.0 219.30 OK
r-release-linux-x86_64 1.2.0 100.19 64.28 164.47 OK
r-release-osx-x86_64 1.2.0 NOTE
r-release-windows-ix86+x86_64 1.2.0 183.00 128.00 311.00 OK
r-oldrel-osx-x86_64 1.2.0 NOTE
r-oldrel-windows-ix86+x86_64 1.2.0 241.00 107.00 348.00 OK

Check Details

Version: 1.2.0
Check: installed package size
Result: NOTE
     installed size is 22.5Mb
     sub-directories of 1Mb or more:
     libs 21.6Mb
Flavors: r-devel-linux-x86_64-fedora-clang, r-release-osx-x86_64, r-oldrel-osx-x86_64