CRAN Package Check Results for Package clespr

Last updated on 2021-09-16 01:49:28 CEST.

Flavor Version Tinstall Tcheck Ttotal Status Flags
r-devel-linux-x86_64-debian-clang 1.1.2 11.67 97.15 108.82 NOTE
r-devel-linux-x86_64-debian-gcc 1.1.2 9.34 71.43 80.77 NOTE
r-devel-linux-x86_64-fedora-clang 1.1.2 141.27 NOTE
r-devel-linux-x86_64-fedora-gcc 1.1.2 125.59 NOTE
r-devel-windows-x86_64 1.1.2 27.00 113.00 140.00 NOTE
r-devel-windows-x86_64-gcc10-UCRT 1.1.2 NOTE
r-patched-linux-x86_64 1.1.2 11.19 89.22 100.41 NOTE
r-patched-solaris-x86 1.1.2 186.90 NOTE
r-release-linux-x86_64 1.1.2 9.07 89.89 98.96 NOTE
r-release-macos-arm64 1.1.2 NOTE
r-release-macos-x86_64 1.1.2 NOTE
r-release-windows-ix86+x86_64 1.1.2 27.00 81.00 108.00 NOTE
r-oldrel-macos-x86_64 1.1.2 OK
r-oldrel-windows-ix86+x86_64 1.1.2 46.00 108.00 154.00 OK

Check Details

Version: 1.1.2
Check: LazyData
Result: NOTE
     'LazyData' is specified without a 'data' directory
Flavors: r-devel-linux-x86_64-debian-clang, r-devel-linux-x86_64-debian-gcc, r-devel-linux-x86_64-fedora-clang, r-devel-linux-x86_64-fedora-gcc, r-devel-windows-x86_64, r-devel-windows-x86_64-gcc10-UCRT, r-patched-linux-x86_64, r-patched-solaris-x86, r-release-linux-x86_64, r-release-macos-arm64, r-release-macos-x86_64, r-release-windows-ix86+x86_64