Last updated on 2023-12-04 07:50:50 CET.
Flavor | Version | Tinstall | Tcheck | Ttotal | Status | Flags |
---|---|---|---|---|---|---|
r-devel-linux-x86_64-debian-clang | 2.4.1 | 35.03 | 189.53 | 224.56 | OK | |
r-devel-linux-x86_64-debian-gcc | 2.4.1 | 26.87 | 136.78 | 163.65 | OK | |
r-devel-linux-x86_64-fedora-clang | 2.4.1 | 276.55 | OK | |||
r-devel-linux-x86_64-fedora-gcc | 2.4.1 | 268.09 | OK | |||
r-devel-windows-x86_64 | 2.4.1 | 23.00 | 149.00 | 172.00 | OK | |
r-patched-linux-x86_64 | 2.4.1 | 32.24 | 180.53 | 212.77 | OK | |
r-release-linux-x86_64 | 2.4.1 | 31.49 | 179.82 | 211.31 | OK | |
r-release-macos-arm64 | 2.4.1 | 56.00 | OK | |||
r-release-macos-x86_64 | 2.4.1 | 115.00 | OK | |||
r-release-windows-x86_64 | 2.4.1 | 30.00 | 177.00 | 207.00 | OK | |
r-oldrel-macos-arm64 | 2.4.1 | 48.00 | OK | |||
r-oldrel-macos-x86_64 | 2.4.1 | 80.00 | OK | |||
r-oldrel-windows-x86_64 | 2.4.1 | 31.00 | 186.00 | 217.00 | NOTE |
Version: 2.4.1
Check: HTML version of manual
Result: NOTE
Found the following problems:
fitEmaxB.Rd:191:38: Warning: nested emphasis <code>
Flavor: r-oldrel-windows-x86_64