CRAN Package Check Results for Package clinDataReview

Last updated on 2022-12-09 01:50:25 CET.

Flavor Version Tinstall Tcheck Ttotal Status Flags
r-devel-linux-x86_64-debian-clang 1.3.1 15.87 196.10 211.97 OK
r-devel-linux-x86_64-debian-gcc 1.3.1 12.14 155.46 167.60 OK
r-devel-linux-x86_64-fedora-clang 1.3.1 268.18 NOTE
r-devel-linux-x86_64-fedora-gcc 1.3.1 274.25 OK
r-devel-windows-x86_64 1.3.1 221.00 279.00 500.00 NOTE
r-patched-linux-x86_64 1.3.1 17.36 172.77 190.13 OK
r-release-linux-x86_64 1.3.1 11.65 174.50 186.15 OK
r-release-macos-arm64 1.3.1 67.00 NOTE
r-release-macos-x86_64 1.3.1 87.00 NOTE
r-release-windows-x86_64 1.3.1 243.00 242.00 485.00 NOTE
r-oldrel-macos-arm64 1.3.1 74.00 NOTE
r-oldrel-macos-x86_64 1.3.1 98.00 NOTE
r-oldrel-windows-ix86+x86_64 1.3.1 31.00 219.00 250.00 NOTE

Check Details

Version: 1.3.1
Check: installed package size
Result: NOTE
     installed size is 5.5Mb
     sub-directories of 1Mb or more:
     doc 4.2Mb
Flavors: r-devel-linux-x86_64-fedora-clang, r-devel-windows-x86_64, r-release-macos-arm64, r-release-macos-x86_64, r-release-windows-x86_64, r-oldrel-macos-arm64, r-oldrel-macos-x86_64, r-oldrel-windows-ix86+x86_64