Last updated on 2023-12-06 07:50:10 CET.
Flavor | Version | Tinstall | Tcheck | Ttotal | Status | Flags |
---|---|---|---|---|---|---|
r-devel-linux-x86_64-debian-clang | 0.7.0 | 203.18 | 249.72 | 452.90 | OK | |
r-devel-linux-x86_64-debian-gcc | 0.7.0 | 141.22 | 194.37 | 335.59 | OK | |
r-devel-linux-x86_64-fedora-clang | 0.7.0 | 565.18 | OK | |||
r-devel-linux-x86_64-fedora-gcc | 0.7.0 | 604.06 | OK | |||
r-devel-windows-x86_64 | 0.7.0 | 137.00 | 253.00 | 390.00 | OK | |
r-patched-linux-x86_64 | 0.7.0 | 166.98 | 246.02 | 413.00 | OK | |
r-release-linux-x86_64 | 0.7.0 | 158.61 | 249.06 | 407.67 | OK | |
r-release-macos-arm64 | 0.7.0 | 156.00 | NOTE | |||
r-release-macos-x86_64 | 0.7.0 | 320.00 | NOTE | |||
r-release-windows-x86_64 | 0.7.0 | 180.00 | 324.00 | 504.00 | OK | |
r-oldrel-macos-arm64 | 0.7.0 | 156.00 | NOTE | |||
r-oldrel-macos-x86_64 | 0.7.0 | 171.00 | NOTE | |||
r-oldrel-windows-x86_64 | 0.7.0 | 174.00 | 277.00 | 451.00 | OK |
Version: 0.7.0
Check: installed package size
Result: NOTE
installed size is 17.1Mb
sub-directories of 1Mb or more:
libs 15.2Mb
Flavors: r-release-macos-arm64, r-release-macos-x86_64, r-oldrel-macos-arm64, r-oldrel-macos-x86_64