CRAN Package Check Results for Package clogitL1

Last updated on 2020-07-07 02:08:10 CEST.

Flavor Version Tinstall Tcheck Ttotal Status Flags
r-devel-linux-x86_64-debian-clang 1.5 30.70 26.20 56.90 OK
r-devel-linux-x86_64-debian-gcc 1.5 21.02 20.63 41.65 OK
r-devel-linux-x86_64-fedora-clang 1.5 83.83 NOTE
r-devel-linux-x86_64-fedora-gcc 1.5 69.16 NOTE
r-devel-windows-ix86+x86_64 1.5 61.00 65.00 126.00 OK
r-patched-linux-x86_64 1.5 22.46 25.91 48.37 OK
r-patched-solaris-x86 1.5 78.70 OK
r-release-linux-x86_64 1.5 22.47 26.00 48.47 OK
r-release-osx-x86_64 1.5 OK
r-release-windows-ix86+x86_64 1.5 58.00 64.00 122.00 OK
r-oldrel-osx-x86_64 1.5 OK
r-oldrel-windows-ix86+x86_64 1.5 62.00 74.00 136.00 OK

Check Details

Version: 1.5
Check: compiled code
Result: NOTE
    File ‘clogitL1/libs/clogitL1.so’:
     Found no calls to: ‘R_registerRoutines’, ‘R_useDynamicSymbols’
    
    It is good practice to register native routines and to disable symbol
    search.
    
    See ‘Writing portable packages’ in the ‘Writing R Extensions’ manual.
Flavors: r-devel-linux-x86_64-fedora-clang, r-devel-linux-x86_64-fedora-gcc