CRAN Package Check Results for Package clogitL1

Last updated on 2019-12-05 00:51:49 CET.

Flavor Version Tinstall Tcheck Ttotal Status Flags
r-devel-linux-x86_64-debian-clang 1.5 26.59 25.42 52.01 OK
r-devel-linux-x86_64-debian-gcc 1.5 18.40 20.69 39.09 OK
r-devel-linux-x86_64-fedora-clang 1.5 70.49 NOTE
r-devel-linux-x86_64-fedora-gcc 1.5 64.05 NOTE
r-devel-windows-ix86+x86_64 1.5 55.00 79.00 134.00 OK
r-devel-windows-ix86+x86_64-gcc8 1.5 65.00 63.00 128.00 OK
r-patched-linux-x86_64 1.5 19.66 23.84 43.50 OK
r-patched-solaris-x86 1.5 74.90 OK
r-release-linux-x86_64 1.5 20.10 25.01 45.11 OK
r-release-windows-ix86+x86_64 1.5 65.00 56.00 121.00 OK
r-release-osx-x86_64 1.5 OK
r-oldrel-windows-ix86+x86_64 1.5 45.00 88.00 133.00 OK
r-oldrel-osx-x86_64 1.5 OK

Check Details

Version: 1.5
Check: compiled code
Result: NOTE
    File ‘clogitL1/libs/clogitL1.so’:
     Found no calls to: ‘R_registerRoutines’, ‘R_useDynamicSymbols’
    
    It is good practice to register native routines and to disable symbol
    search.
    
    See ‘Writing portable packages’ in the ‘Writing R Extensions’ manual.
Flavors: r-devel-linux-x86_64-fedora-clang, r-devel-linux-x86_64-fedora-gcc