Last updated on 2023-03-31 07:53:21 CEST.
Flavor | Version | Tinstall | Tcheck | Ttotal | Status | Flags |
---|---|---|---|---|---|---|
r-devel-linux-x86_64-debian-clang | 0.5.2 | 80.28 | 78.02 | 158.30 | NOTE | |
r-devel-linux-x86_64-debian-gcc | 0.5.2 | 64.92 | 60.51 | 125.43 | NOTE | |
r-devel-linux-x86_64-fedora-clang | 0.5.2 | 249.75 | NOTE | |||
r-devel-linux-x86_64-fedora-gcc | 0.5.2 | 235.43 | NOTE | |||
r-devel-windows-x86_64 | 0.5.2 | 150.00 | 163.00 | 313.00 | NOTE | |
r-patched-linux-x86_64 | 0.5.2 | 68.43 | 74.53 | 142.96 | NOTE | |
r-release-linux-x86_64 | 0.5.2 | 64.74 | 76.47 | 141.21 | OK | |
r-release-macos-arm64 | 0.5.2 | 58.00 | OK | |||
r-release-macos-x86_64 | 0.5.2 | 76.00 | OK | |||
r-release-windows-x86_64 | 0.5.2 | 153.00 | 163.00 | 316.00 | OK | |
r-oldrel-macos-arm64 | 0.5.2 | 61.00 | OK | |||
r-oldrel-macos-x86_64 | 0.5.2 | 84.00 | OK | |||
r-oldrel-windows-ix86+x86_64 | 0.5.2 | 200.00 | 148.00 | 348.00 | OK |
Version: 0.5.2
Check: C++ specification
Result: NOTE
Specified C++11: please drop specification unless essential
Flavors: r-devel-linux-x86_64-debian-clang, r-devel-linux-x86_64-debian-gcc, r-devel-linux-x86_64-fedora-clang, r-devel-linux-x86_64-fedora-gcc, r-devel-windows-x86_64, r-patched-linux-x86_64