CRAN Package Check Results for Package clustDRM

Last updated on 2020-05-28 01:53:13 CEST.

Flavor Version Tinstall Tcheck Ttotal Status Flags
r-devel-linux-x86_64-debian-clang 0.1-0 25.41 161.98 187.39 OK
r-devel-linux-x86_64-debian-gcc 0.1-0 19.17 123.06 142.23 OK
r-devel-linux-x86_64-fedora-clang 0.1-0 257.38 NOTE
r-devel-linux-x86_64-fedora-gcc 0.1-0 239.69 NOTE
r-devel-windows-ix86+x86_64 0.1-0 56.00 228.00 284.00 OK
r-patched-linux-x86_64 0.1-0 25.87 158.81 184.68 OK
r-patched-solaris-x86 0.1-0 345.80 NOTE
r-release-linux-x86_64 0.1-0 26.66 160.21 186.87 OK
r-release-osx-x86_64 0.1-0 ERROR
r-release-windows-ix86+x86_64 0.1-0 57.00 207.00 264.00 OK
r-oldrel-osx-x86_64 0.1-0 ERROR
r-oldrel-windows-ix86+x86_64 0.1-0 37.00 153.00 190.00 OK

Check Details

Version: 0.1-0
Check: dependencies in R code
Result: NOTE
    Namespace in Imports field not imported from: ‘DT’
     All declared Imports should be used.
Flavors: r-devel-linux-x86_64-fedora-clang, r-devel-linux-x86_64-fedora-gcc, r-patched-solaris-x86

Version: 0.1-0
Check: package dependencies
Result: ERROR
    Package required but not available: ‘IsoGene’
    
    See section ‘The DESCRIPTION file’ in the ‘Writing R Extensions’
    manual.
Flavors: r-release-osx-x86_64, r-oldrel-osx-x86_64