CRAN Package Check Results for Package clustDRM

Last updated on 2023-06-03 08:05:39 CEST.

Flavor Version Tinstall Tcheck Ttotal Status Flags
r-devel-linux-x86_64-debian-clang 0.1-0 22.18 206.15 228.33 OK
r-devel-linux-x86_64-debian-gcc 0.1-0 22.69 150.47 173.16 OK
r-devel-linux-x86_64-fedora-clang 0.1-0 283.89 NOTE
r-devel-linux-x86_64-fedora-gcc 0.1-0 274.71 NOTE
r-devel-windows-x86_64 0.1-0 21.00 142.00 163.00 OK
r-patched-linux-x86_64 0.1-0 OK
r-release-linux-x86_64 0.1-0 17.47 190.74 208.21 OK
r-release-macos-arm64 0.1-0 6.00 ERROR
r-release-macos-x86_64 0.1-0 5.00 ERROR
r-release-windows-x86_64 0.1-0 27.00 169.00 196.00 OK
r-oldrel-macos-arm64 0.1-0 9.00 ERROR
r-oldrel-macos-x86_64 0.1-0 11.00 ERROR
r-oldrel-windows-x86_64 0.1-0 27.00 172.00 199.00 OK

Check Details

Version: 0.1-0
Check: dependencies in R code
Result: NOTE
    Namespace in Imports field not imported from: ‘DT’
     All declared Imports should be used.
Flavors: r-devel-linux-x86_64-fedora-clang, r-devel-linux-x86_64-fedora-gcc

Version: 0.1-0
Check: package dependencies
Result: ERROR
    Package required but not available: ‘IsoGene’
    
    See section ‘The DESCRIPTION file’ in the ‘Writing R Extensions’
    manual.
Flavors: r-release-macos-arm64, r-release-macos-x86_64, r-oldrel-macos-arm64, r-oldrel-macos-x86_64