CRAN Package Check Results for Package clusterGeneration

Last updated on 2025-06-16 08:49:36 CEST.

Flavor Version Tinstall Tcheck Ttotal Status Flags
r-devel-linux-x86_64-debian-clang 1.3.8 5.50 35.20 40.70 NOTE
r-devel-linux-x86_64-debian-gcc 1.3.8 3.55 25.41 28.96 NOTE
r-devel-linux-x86_64-fedora-clang 1.3.8 63.52 OK
r-devel-linux-x86_64-fedora-gcc 1.3.8 59.20 OK
r-devel-windows-x86_64 1.3.8 6.00 54.00 60.00 OK
r-patched-linux-x86_64 1.3.8 4.90 32.98 37.88 OK
r-release-linux-x86_64 1.3.8 4.48 32.70 37.18 OK
r-release-macos-arm64 1.3.8 21.00 OK
r-release-macos-x86_64 1.3.8 44.00 OK
r-release-windows-x86_64 1.3.8 6.00 55.00 61.00 OK
r-oldrel-macos-arm64 1.3.8 33.00 OK
r-oldrel-macos-x86_64 1.3.8 33.00 OK
r-oldrel-windows-x86_64 1.3.8 8.00 61.00 69.00 OK

Check Details

Version: 1.3.8
Check: CRAN incoming feasibility
Result: NOTE Maintainer: ‘Weiliang Qiu <[email protected]>’ No Authors@R field in DESCRIPTION. Please add one, modifying Authors@R: c(person(given = "Weiliang", family = "Qiu", role = c("aut", "cre"), email = "[email protected]"), person(given = "Harry", family = "Joe.", role = "aut", email = "[email protected]")) as necessary. Flavors: r-devel-linux-x86_64-debian-clang, r-devel-linux-x86_64-debian-gcc