Last updated on 2023-06-07 06:57:43 CEST.
Flavor | Version | Tinstall | Tcheck | Ttotal | Status | Flags |
---|---|---|---|---|---|---|
r-devel-linux-x86_64-debian-clang | 1.3.7 | 5.33 | 43.08 | 48.41 | NOTE | |
r-devel-linux-x86_64-debian-gcc | 1.3.7 | 4.54 | 33.54 | 38.08 | NOTE | |
r-devel-linux-x86_64-fedora-clang | 1.3.7 | 60.49 | NOTE | |||
r-devel-linux-x86_64-fedora-gcc | 1.3.7 | 58.86 | NOTE | |||
r-devel-windows-x86_64 | 1.3.7 | 15.00 | 53.00 | 68.00 | NOTE | |
r-patched-linux-x86_64 | 1.3.7 | 6.21 | 41.21 | 47.42 | NOTE | |
r-release-linux-x86_64 | 1.3.7 | 4.40 | 41.13 | 45.53 | NOTE | |
r-release-macos-arm64 | 1.3.7 | 23.00 | NOTE | |||
r-release-macos-x86_64 | 1.3.7 | 30.00 | NOTE | |||
r-release-windows-x86_64 | 1.3.7 | 6.00 | 56.00 | 62.00 | NOTE | |
r-oldrel-macos-arm64 | 1.3.7 | 22.00 | OK | |||
r-oldrel-macos-x86_64 | 1.3.7 | 27.00 | OK | |||
r-oldrel-windows-x86_64 | 1.3.7 | 7.00 | 56.00 | 63.00 | OK |
Version: 1.3.7
Check: Rd files
Result: NOTE
checkRd: (-1) genRandomClust.Rd:228: Escaped LaTeX specials: \_
checkRd: (-1) genRandomClust.Rd:259: Escaped LaTeX specials: \_
checkRd: (-1) genRandomClust.Rd:327: Escaped LaTeX specials: \_
checkRd: (-1) plot1DProjection.Rd:95: Escaped LaTeX specials: \_ \_
checkRd: (-1) plot2DProjection.Rd:117: Escaped LaTeX specials: \_ \_
checkRd: (-1) simClustDesign.Rd:235: Escaped LaTeX specials: \_
checkRd: (-1) simClustDesign.Rd:268: Escaped LaTeX specials: \_
checkRd: (-1) simClustDesign.Rd:331: Escaped LaTeX specials: \_
Flavors: r-devel-linux-x86_64-debian-clang, r-devel-linux-x86_64-debian-gcc, r-devel-linux-x86_64-fedora-clang, r-devel-linux-x86_64-fedora-gcc, r-devel-windows-x86_64, r-patched-linux-x86_64, r-release-linux-x86_64, r-release-macos-arm64, r-release-macos-x86_64, r-release-windows-x86_64