CRAN Package Check Results for Package clusterSim

Last updated on 2020-03-30 02:48:25 CEST.

Flavor Version Tinstall Tcheck Ttotal Status Flags
r-devel-linux-x86_64-debian-clang 0.48-3 OK
r-devel-linux-x86_64-debian-gcc 0.48-3 10.18 71.63 81.81 OK
r-devel-linux-x86_64-fedora-clang 0.48-3 130.16 OK
r-devel-linux-x86_64-fedora-gcc 0.48-3 121.45 OK
r-devel-windows-ix86+x86_64 0.48-3 25.00 137.00 162.00 OK
r-devel-windows-ix86+x86_64-gcc8 0.48-3 28.00 145.00 173.00 OK
r-patched-linux-x86_64 0.48-3 12.10 91.34 103.44 OK
r-patched-solaris-x86 0.48-3 171.60 OK
r-release-linux-x86_64 0.48-3 11.58 84.65 96.23 OK
r-release-windows-ix86+x86_64 0.48-3 44.00 198.00 242.00 OK
r-release-osx-x86_64 0.48-3 WARN
r-oldrel-windows-ix86+x86_64 0.48-3 30.00 174.00 204.00 OK
r-oldrel-osx-x86_64 0.48-3 WARN

Check Details

Version: 0.48-3
Check: whether package can be installed
Result: WARN
    Found the following significant warnings:
     Warning: 'rgl_init' failed, running with rgl.useNULL = TRUE
Flavors: r-release-osx-x86_64, r-oldrel-osx-x86_64

Version: 0.48-3
Check: dependencies in R code
Result: NOTE
    No protocol specified
Flavors: r-release-osx-x86_64, r-oldrel-osx-x86_64

Version: 0.48-3
Check: S3 generic/method consistency
Result: WARN
    No protocol specified
    See section ‘Generic functions and methods’ in the ‘Writing R
    Extensions’ manual.
Flavors: r-release-osx-x86_64, r-oldrel-osx-x86_64

Version: 0.48-3
Check: replacement functions
Result: WARN
    No protocol specified
    The argument of a replacement function which corresponds to the right
    hand side must be named ‘value’.
Flavors: r-release-osx-x86_64, r-oldrel-osx-x86_64

Version: 0.48-3
Check: foreign function calls
Result: NOTE
    No protocol specified
    See chapter ‘System and foreign language interfaces’ in the ‘Writing R
    Extensions’ manual.
Flavors: r-release-osx-x86_64, r-oldrel-osx-x86_64

Version: 0.48-3
Check: R code for possible problems
Result: NOTE
    No protocol specified
Flavors: r-release-osx-x86_64, r-oldrel-osx-x86_64

Version: 0.48-3
Check: for missing documentation entries
Result: WARN
    No protocol specified
    All user-level objects in a package should have documentation entries.
    See chapter ‘Writing R documentation files’ in the ‘Writing R
    Extensions’ manual.
Flavors: r-release-osx-x86_64, r-oldrel-osx-x86_64

Version: 0.48-3
Check: for code/documentation mismatches
Result: WARN
    No protocol specified
    No protocol specified
    No protocol specified
Flavors: r-release-osx-x86_64, r-oldrel-osx-x86_64

Version: 0.48-3
Check: Rd \usage sections
Result: NOTE
    No protocol specified
    The \usage entries for S3 methods should use the \method markup and not
    their full name.
    See chapter ‘Writing R documentation files’ in the ‘Writing R
    Extensions’ manual.
Flavors: r-release-osx-x86_64, r-oldrel-osx-x86_64