Last updated on 2023-01-28 01:50:05 CET.
Flavor | Version | Tinstall | Tcheck | Ttotal | Status | Flags |
---|---|---|---|---|---|---|
r-devel-linux-x86_64-debian-clang | 0.8.95.4 | 44.10 | 63.40 | 107.50 | OK | |
r-devel-linux-x86_64-debian-gcc | 0.8.95.4 | 32.72 | 49.84 | 82.56 | NOTE | |
r-devel-linux-x86_64-fedora-clang | 0.8.95.4 | 151.25 | NOTE | |||
r-devel-linux-x86_64-fedora-gcc | 0.8.95.4 | 156.20 | NOTE | |||
r-devel-windows-x86_64 | 0.8.95.4 | 57.00 | 116.00 | 173.00 | OK | |
r-patched-linux-x86_64 | 0.8.95.4 | 39.19 | 63.55 | 102.74 | OK | |
r-release-linux-x86_64 | 0.8.95.4 | 33.95 | 58.92 | 92.87 | OK | |
r-release-macos-arm64 | 0.8.95.4 | 54.00 | NOTE | |||
r-release-macos-x86_64 | 0.8.95.4 | 76.00 | NOTE | |||
r-release-windows-x86_64 | 0.8.95.4 | 58.00 | 129.00 | 187.00 | OK | |
r-oldrel-macos-arm64 | 0.8.95.4 | 58.00 | NOTE | |||
r-oldrel-macos-x86_64 | 0.8.95.4 | 76.00 | NOTE | |||
r-oldrel-windows-ix86+x86_64 | 0.8.95.4 | 104.00 | 134.00 | 238.00 | OK |
Version: 0.8.95.4
Check: C++ specification
Result: NOTE
Specified C++11: please update to current default of C++17
Flavors: r-devel-linux-x86_64-debian-gcc, r-devel-linux-x86_64-fedora-gcc
Version: 0.8.95.4
Check: dependencies in R code
Result: NOTE
Namespaces in Imports field not imported from:
‘R6’ ‘methods’
All declared Imports should be used.
Flavors: r-devel-linux-x86_64-fedora-clang, r-devel-linux-x86_64-fedora-gcc
Version: 0.8.95.4
Check: installed package size
Result: NOTE
installed size is 16.9Mb
sub-directories of 1Mb or more:
libs 15.9Mb
Flavors: r-release-macos-arm64, r-release-macos-x86_64, r-oldrel-macos-arm64, r-oldrel-macos-x86_64