CRAN Package Check Results for Package clustringr

Last updated on 2023-02-06 00:52:25 CET.

Flavor Version Tinstall Tcheck Ttotal Status Flags
r-devel-linux-x86_64-debian-clang 1.0 7.61 64.79 72.40 OK
r-devel-linux-x86_64-debian-gcc 1.0 6.41 47.71 54.12 OK
r-devel-linux-x86_64-fedora-clang 1.0 95.85 NOTE
r-devel-linux-x86_64-fedora-gcc 1.0 84.23 NOTE
r-devel-windows-x86_64 1.0 18.00 90.00 108.00 OK
r-patched-linux-x86_64 1.0 6.22 63.79 70.01 OK
r-release-linux-x86_64 1.0 5.07 64.10 69.17 OK
r-release-macos-arm64 1.0 32.00 NOTE
r-release-macos-x86_64 1.0 54.00 NOTE
r-release-windows-x86_64 1.0 26.00 102.00 128.00 OK
r-oldrel-macos-arm64 1.0 39.00 NOTE
r-oldrel-macos-x86_64 1.0 52.00 NOTE
r-oldrel-windows-ix86+x86_64 1.0 20.00 98.00 118.00 OK

Check Details

Version: 1.0
Check: dependencies in R code
Result: NOTE
    Namespace in Imports field not imported from: ‘stringi’
     All declared Imports should be used.
Flavors: r-devel-linux-x86_64-fedora-clang, r-devel-linux-x86_64-fedora-gcc, r-release-macos-arm64, r-release-macos-x86_64, r-oldrel-macos-arm64, r-oldrel-macos-x86_64

Version: 1.0
Check: data for non-ASCII characters
Result: NOTE
     Note: found 5626 marked UTF-8 strings
Flavors: r-devel-linux-x86_64-fedora-clang, r-devel-linux-x86_64-fedora-gcc, r-release-macos-arm64, r-release-macos-x86_64, r-oldrel-macos-arm64, r-oldrel-macos-x86_64