CRAN Package Check Results for Package cmdfun

Last updated on 2021-07-27 01:50:37 CEST.

Flavor Version Tinstall Tcheck Ttotal Status Flags
r-devel-linux-x86_64-debian-clang 1.0.2 2.77 31.75 34.52 NOTE
r-devel-linux-x86_64-debian-gcc 1.0.2 2.25 25.16 27.41 NOTE
r-devel-linux-x86_64-fedora-clang 1.0.2 50.18 NOTE
r-devel-linux-x86_64-fedora-gcc 1.0.2 41.28 NOTE
r-devel-windows-x86_64 1.0.2 5.00 50.00 55.00 NOTE
r-devel-windows-x86_64-gcc10-UCRT 1.0.2 NOTE
r-patched-linux-x86_64 1.0.2 2.45 30.68 33.13 NOTE
r-patched-solaris-x86 1.0.2 64.10 NOTE
r-release-linux-x86_64 1.0.2 2.74 30.69 33.43 NOTE
r-release-macos-arm64 1.0.2 NOTE
r-release-macos-x86_64 1.0.2 NOTE
r-release-windows-ix86+x86_64 1.0.2 7.00 55.00 62.00 NOTE
r-oldrel-macos-x86_64 1.0.2 OK
r-oldrel-windows-ix86+x86_64 1.0.2 16.00 51.00 67.00 OK

Check Details

Version: 1.0.2
Check: LazyData
Result: NOTE
     'LazyData' is specified without a 'data' directory
Flavors: r-devel-linux-x86_64-debian-clang, r-devel-linux-x86_64-debian-gcc, r-devel-linux-x86_64-fedora-clang, r-devel-linux-x86_64-fedora-gcc, r-devel-windows-x86_64, r-devel-windows-x86_64-gcc10-UCRT, r-patched-linux-x86_64, r-patched-solaris-x86, r-release-linux-x86_64, r-release-macos-arm64, r-release-macos-x86_64, r-release-windows-ix86+x86_64