Last updated on 2022-05-25 02:52:15 CEST.
Flavor | Version | Tinstall | Tcheck | Ttotal | Status | Flags |
---|---|---|---|---|---|---|
r-devel-linux-x86_64-debian-clang | 1.0.2 | 2.66 | 42.81 | 45.47 | NOTE | |
r-devel-linux-x86_64-debian-gcc | 1.0.2 | 2.22 | 33.00 | 35.22 | NOTE | |
r-devel-linux-x86_64-fedora-clang | 1.0.2 | 55.69 | NOTE | |||
r-devel-linux-x86_64-fedora-gcc | 1.0.2 | 53.93 | NOTE | |||
r-devel-windows-x86_64 | 1.0.2 | 21.00 | 76.00 | 97.00 | NOTE | |
r-patched-linux-x86_64 | 1.0.2 | 2.05 | 40.89 | 42.94 | NOTE | |
r-release-linux-x86_64 | 1.0.2 | NOTE | ||||
r-release-macos-arm64 | 1.0.2 | 21.00 | NOTE | |||
r-release-macos-x86_64 | 1.0.2 | 37.00 | NOTE | |||
r-release-windows-x86_64 | 1.0.2 | 19.00 | 63.00 | 82.00 | NOTE | |
r-oldrel-macos-arm64 | 1.0.2 | 24.00 | NOTE | |||
r-oldrel-macos-x86_64 | 1.0.2 | 35.00 | NOTE | |||
r-oldrel-windows-ix86+x86_64 | 1.0.2 | 8.00 | 56.00 | 64.00 | NOTE |
Version: 1.0.2
Check: LazyData
Result: NOTE
'LazyData' is specified without a 'data' directory
Flavors: r-devel-linux-x86_64-debian-clang, r-devel-linux-x86_64-debian-gcc, r-devel-linux-x86_64-fedora-clang, r-devel-linux-x86_64-fedora-gcc, r-devel-windows-x86_64, r-patched-linux-x86_64, r-release-linux-x86_64, r-release-macos-arm64, r-release-macos-x86_64, r-release-windows-x86_64, r-oldrel-macos-arm64, r-oldrel-macos-x86_64, r-oldrel-windows-ix86+x86_64