Last updated on 2019-12-14 00:54:00 CET.
Flavor | Version | Tinstall | Tcheck | Ttotal | Status | Flags |
---|---|---|---|---|---|---|
r-devel-linux-x86_64-debian-clang | 0.1.1 | 42.84 | 58.30 | 101.14 | OK | |
r-devel-linux-x86_64-debian-gcc | 0.1.1 | 29.58 | 47.10 | 76.68 | OK | |
r-devel-linux-x86_64-fedora-clang | 0.1.1 | 130.28 | NOTE | |||
r-devel-linux-x86_64-fedora-gcc | 0.1.1 | 121.43 | NOTE | |||
r-devel-windows-ix86+x86_64 | 0.1.1 | 72.00 | 134.00 | 206.00 | OK | |
r-devel-windows-ix86+x86_64-gcc8 | 0.1.1 | 75.00 | 131.00 | 206.00 | OK | |
r-patched-linux-x86_64 | 0.1.1 | 28.66 | 53.79 | 82.45 | OK | |
r-patched-solaris-x86 | 0.1.1 | 151.40 | NOTE | |||
r-release-linux-x86_64 | 0.1.1 | 31.54 | 53.80 | 85.34 | OK | |
r-release-windows-ix86+x86_64 | 0.1.1 | 74.00 | 83.00 | 157.00 | OK | |
r-release-osx-x86_64 | 0.1.1 | NOTE | ||||
r-oldrel-windows-ix86+x86_64 | 0.1.1 | 64.00 | 82.00 | 146.00 | OK | |
r-oldrel-osx-x86_64 | 0.1.1 | NOTE |
Version: 0.1.1
Check: dependencies in R code
Result: NOTE
Namespace in Imports field not imported from: ‘MASS’
All declared Imports should be used.
Flavors: r-devel-linux-x86_64-fedora-clang, r-devel-linux-x86_64-fedora-gcc, r-patched-solaris-x86, r-release-osx-x86_64, r-oldrel-osx-x86_64