CRAN Package Check Results for Package cmenet

Last updated on 2020-07-02 02:09:45 CEST.

Flavor Version Tinstall Tcheck Ttotal Status Flags
r-devel-linux-x86_64-debian-clang 0.1.1 46.33 60.88 107.21 OK
r-devel-linux-x86_64-debian-gcc 0.1.1 34.02 47.33 81.35 OK
r-devel-linux-x86_64-fedora-clang 0.1.1 142.79 NOTE
r-devel-linux-x86_64-fedora-gcc 0.1.1 127.10 NOTE
r-devel-windows-ix86+x86_64 0.1.1 112.00 103.00 215.00 OK
r-patched-linux-x86_64 0.1.1 34.09 59.98 94.07 OK
r-patched-solaris-x86 0.1.1 154.70 NOTE
r-release-linux-x86_64 0.1.1 34.63 60.20 94.83 OK
r-release-osx-x86_64 0.1.1 NOTE
r-release-windows-ix86+x86_64 0.1.1 87.00 103.00 190.00 OK
r-oldrel-osx-x86_64 0.1.1 NOTE
r-oldrel-windows-ix86+x86_64 0.1.1 97.00 134.00 231.00 OK

Check Details

Version: 0.1.1
Check: dependencies in R code
Result: NOTE
    Namespace in Imports field not imported from: ‘MASS’
     All declared Imports should be used.
Flavors: r-devel-linux-x86_64-fedora-clang, r-devel-linux-x86_64-fedora-gcc, r-patched-solaris-x86, r-release-osx-x86_64, r-oldrel-osx-x86_64