Last updated on 2023-02-07 00:54:12 CET.
Flavor | Version | Tinstall | Tcheck | Ttotal | Status | Flags |
---|---|---|---|---|---|---|
r-devel-linux-x86_64-debian-clang | 3.4.4 | 2.75 | 24.63 | 27.38 | OK | |
r-devel-linux-x86_64-debian-gcc | 3.4.4 | 2.21 | 19.94 | 22.15 | OK | |
r-devel-linux-x86_64-fedora-clang | 3.4.4 | 36.04 | NOTE | |||
r-devel-linux-x86_64-fedora-gcc | 3.4.4 | 34.35 | NOTE | |||
r-devel-windows-x86_64 | 3.4.4 | 32.00 | 60.00 | 92.00 | OK | |
r-patched-linux-x86_64 | 3.4.4 | 2.79 | 25.90 | 28.69 | OK | |
r-release-linux-x86_64 | 3.4.4 | 2.83 | 25.11 | 27.94 | OK | |
r-release-macos-arm64 | 3.4.4 | 16.00 | NOTE | |||
r-release-macos-x86_64 | 3.4.4 | 22.00 | NOTE | |||
r-release-windows-x86_64 | 3.4.4 | 35.00 | 66.00 | 101.00 | OK | |
r-oldrel-macos-arm64 | 3.4.4 | 19.00 | NOTE | |||
r-oldrel-macos-x86_64 | 3.4.4 | 28.00 | NOTE | |||
r-oldrel-windows-ix86+x86_64 | 3.4.4 | 10.00 | 52.00 | 62.00 | OK |
Version: 3.4.4
Check: dependencies in R code
Result: NOTE
Namespaces in Imports field not imported from:
‘FNN’ ‘R.utils’ ‘SearchTrees’ ‘colorspace’ ‘colourpicker’
‘data.table’ ‘fields’ ‘mapproj’ ‘maps’ ‘maptools’ ‘ncdf4’ ‘raster’
‘rworldxtra’ ‘shinyFiles’ ‘shinyWidgets’ ‘shinyjs’ ‘shinythemes’ ‘sp’
‘tcltk’ ‘xml2’
All declared Imports should be used.
Flavors: r-devel-linux-x86_64-fedora-clang, r-devel-linux-x86_64-fedora-gcc, r-release-macos-arm64, r-release-macos-x86_64, r-oldrel-macos-arm64, r-oldrel-macos-x86_64