CRAN Package Check Results for Package coala

Last updated on 2019-10-17 01:48:59 CEST.

Flavor Version Tinstall Tcheck Ttotal Status Flags
r-devel-linux-x86_64-debian-clang 0.5.3 154.50 107.96 262.46 OK
r-devel-linux-x86_64-debian-gcc 0.5.3 117.53 83.72 201.25 OK
r-devel-linux-x86_64-fedora-clang 0.5.3 351.30 NOTE
r-devel-linux-x86_64-fedora-gcc 0.5.3 346.20 OK
r-devel-windows-ix86+x86_64 0.5.3 311.00 150.00 461.00 OK
r-patched-linux-x86_64 0.5.3 133.28 104.83 238.11 OK
r-patched-solaris-x86 0.5.3 350.50 OK
r-release-linux-x86_64 0.5.3 134.56 106.90 241.46 OK
r-release-windows-ix86+x86_64 0.5.3 213.00 153.00 366.00 OK
r-release-osx-x86_64 0.5.3 NOTE
r-oldrel-windows-ix86+x86_64 0.5.3 217.00 146.00 363.00 OK
r-oldrel-osx-x86_64 0.5.3 OK

Check Details

Version: 0.5.3
Check: installed package size
Result: NOTE
     installed size is 6.4Mb
     sub-directories of 1Mb or more:
     R 1.3Mb
     libs 4.5Mb
Flavors: r-devel-linux-x86_64-fedora-clang, r-release-osx-x86_64