CRAN Package Check Results for Package coala

Last updated on 2020-08-11 01:54:31 CEST.

Flavor Version Tinstall Tcheck Ttotal Status Flags
r-devel-linux-x86_64-debian-clang 0.6.0 189.68 113.60 303.28 OK
r-devel-linux-x86_64-debian-gcc 0.6.0 130.55 87.52 218.07 OK
r-devel-linux-x86_64-fedora-clang 0.6.0 379.59 NOTE
r-devel-linux-x86_64-fedora-gcc 0.6.0 368.84 OK
r-devel-windows-ix86+x86_64 0.6.0 387.00 212.00 599.00 OK
r-patched-linux-x86_64 0.6.0 141.65 113.60 255.25 OK
r-patched-solaris-x86 0.6.0 371.90 OK
r-release-linux-x86_64 0.6.0 139.53 113.28 252.81 OK
r-release-macos-x86_64 0.6.0 NOTE
r-release-windows-ix86+x86_64 0.6.0 392.00 216.00 608.00 OK
r-oldrel-macos-x86_64 0.6.0 NOTE
r-oldrel-windows-ix86+x86_64 0.6.0 255.00 158.00 413.00 OK

Check Details

Version: 0.6.0
Check: installed package size
Result: NOTE
     installed size is 7.3Mb
     sub-directories of 1Mb or more:
     R 1.4Mb
     libs 5.4Mb
Flavors: r-devel-linux-x86_64-fedora-clang, r-release-macos-x86_64, r-oldrel-macos-x86_64