CRAN Package Check Results for Package coalitions

Last updated on 2021-09-21 01:49:58 CEST.

Flavor Version Tinstall Tcheck Ttotal Status Flags
r-devel-linux-x86_64-debian-clang 0.6.20 9.52 90.57 100.09 OK
r-devel-linux-x86_64-debian-gcc 0.6.20 6.34 66.14 72.48 OK
r-devel-linux-x86_64-fedora-clang 0.6.20 123.20 OK
r-devel-linux-x86_64-fedora-gcc 0.6.20 113.51 OK
r-devel-windows-x86_64 0.6.20 9.00 82.00 91.00 OK
r-devel-windows-x86_64-gcc10-UCRT 0.6.20 ERROR
r-patched-linux-x86_64 0.6.20 9.61 83.81 93.42 OK
r-patched-solaris-x86 0.6.20 158.40 OK
r-release-linux-x86_64 0.6.20 6.57 83.93 90.50 OK
r-release-macos-arm64 0.6.20 OK
r-release-macos-x86_64 0.6.20 OK
r-release-windows-ix86+x86_64 0.6.20 19.00 80.00 99.00 OK
r-oldrel-macos-x86_64 0.6.20 OK
r-oldrel-windows-ix86+x86_64 0.6.20 23.00 85.00 108.00 OK

Check Details

Version: 0.6.20
Check: whether package can be installed
Result: WARN
    Found the following significant warnings:
     WARNING: installation-time patches will not be applied, could not get the patches index
Flavor: r-devel-windows-x86_64-gcc10-UCRT

Version: 0.6.20
Check: PDF version of manual
Result: WARN
    LaTeX errors when creating PDF version.
    This typically indicates Rd problems.
Flavor: r-devel-windows-x86_64-gcc10-UCRT

Version: 0.6.20
Check: PDF version of manual without hyperrefs or index
Result: ERROR
    Re-running with no redirection of stdout/stderr.
Flavor: r-devel-windows-x86_64-gcc10-UCRT