CRAN Package Check Results for Package cobs

Last updated on 2022-10-01 02:49:06 CEST.

Flavor Version Tinstall Tcheck Ttotal Status Flags
r-devel-linux-x86_64-debian-clang 1.3-5 13.23 164.57 177.80 NOTE
r-devel-linux-x86_64-debian-gcc 1.3-5 11.12 121.50 132.62 NOTE
r-devel-linux-x86_64-fedora-clang 1.3-5 234.32 NOTE
r-devel-linux-x86_64-fedora-gcc 1.3-5 224.21 NOTE
r-devel-windows-x86_64 1.3-5 24.00 202.00 226.00 NOTE
r-patched-linux-x86_64 1.3-5 12.77 154.49 167.26 OK
r-release-linux-x86_64 1.3-5 10.15 153.74 163.89 OK
r-release-macos-arm64 1.3-5 59.00 OK
r-release-macos-x86_64 1.3-5 88.00 OK
r-release-windows-x86_64 1.3-5 19.00 187.00 206.00 OK
r-oldrel-macos-arm64 1.3-5 53.00 OK
r-oldrel-macos-x86_64 1.3-5 82.00 OK
r-oldrel-windows-ix86+x86_64 1.3-5 28.00 287.00 315.00 OK

Check Details

Version: 1.3-5
Check: Rd files
Result: NOTE
    checkRd: (-1) drqssbc.Rd:83: Escaped LaTeX specials: \&
    checkRd: (-1) qbsks.Rd:81: Escaped LaTeX specials: \&
Flavors: r-devel-linux-x86_64-debian-clang, r-devel-linux-x86_64-debian-gcc, r-devel-linux-x86_64-fedora-clang, r-devel-linux-x86_64-fedora-gcc, r-devel-windows-x86_64