Last updated on 2023-11-29 07:52:06 CET.
Flavor | Version | Tinstall | Tcheck | Ttotal | Status | Flags |
---|---|---|---|---|---|---|
r-devel-linux-x86_64-debian-clang | 1.1.0 | 3.35 | 117.19 | 120.54 | NOTE | |
r-devel-linux-x86_64-debian-gcc | 1.1.0 | 2.99 | 82.43 | 85.42 | NOTE | |
r-devel-linux-x86_64-fedora-clang | 1.1.0 | 150.06 | NOTE | |||
r-devel-linux-x86_64-fedora-gcc | 1.1.0 | 149.83 | NOTE | |||
r-devel-windows-x86_64 | 1.1.0 | 5.00 | 112.00 | 117.00 | NOTE | |
r-patched-linux-x86_64 | 1.1.0 | 2.52 | 108.15 | 110.67 | NOTE | |
r-release-linux-x86_64 | 1.1.0 | 2.11 | 108.09 | 110.20 | NOTE | |
r-release-macos-arm64 | 1.1.0 | 58.00 | NOTE | |||
r-release-macos-x86_64 | 1.1.0 | 94.00 | NOTE | |||
r-release-windows-x86_64 | 1.1.0 | 6.00 | 120.00 | 126.00 | NOTE | |
r-oldrel-macos-arm64 | 1.1.0 | 60.00 | NOTE | |||
r-oldrel-macos-x86_64 | 1.1.0 | 83.00 | NOTE | |||
r-oldrel-windows-x86_64 | 1.1.0 | 6.00 | 115.00 | 121.00 | NOTE |
Version: 1.1.0
Check: LazyData
Result: NOTE
'LazyData' is specified without a 'data' directory
Flavors: r-devel-linux-x86_64-debian-clang, r-devel-linux-x86_64-debian-gcc, r-devel-linux-x86_64-fedora-clang, r-devel-linux-x86_64-fedora-gcc, r-devel-windows-x86_64, r-patched-linux-x86_64, r-release-linux-x86_64, r-release-macos-arm64, r-release-macos-x86_64, r-release-windows-x86_64, r-oldrel-macos-arm64, r-oldrel-macos-x86_64, r-oldrel-windows-x86_64
Version: 1.1.0
Check: dependencies in R code
Result: NOTE
Namespaces in Imports field not imported from:
‘Matrix’ ‘nnet’
All declared Imports should be used.
Flavors: r-devel-linux-x86_64-fedora-clang, r-devel-linux-x86_64-fedora-gcc, r-oldrel-macos-arm64, r-oldrel-macos-x86_64