CRAN Package Check Results for Package coca

Last updated on 2020-07-08 01:49:14 CEST.

Flavor Version Tinstall Tcheck Ttotal Status Flags
r-devel-linux-x86_64-debian-clang 1.0.4 3.70 70.76 74.46 OK
r-devel-linux-x86_64-debian-gcc 1.1.0 2.50 73.74 76.24 OK
r-devel-linux-x86_64-fedora-clang 1.1.0 129.49 NOTE
r-devel-linux-x86_64-fedora-gcc 1.1.0 62.96 NOTE
r-devel-windows-ix86+x86_64 1.0.4 9.00 83.00 92.00 OK
r-patched-linux-x86_64 1.0.4 3.56 67.34 70.90 OK
r-patched-solaris-x86 1.1.0 195.20 NOTE
r-release-linux-x86_64 1.1.0 3.06 97.46 100.52 OK
r-release-osx-x86_64 1.0.4 NOTE
r-release-windows-ix86+x86_64 1.0.4 10.00 74.00 84.00 OK
r-oldrel-osx-x86_64 1.1.0 NOTE
r-oldrel-windows-ix86+x86_64 1.1.0 10.00 137.00 147.00 OK

Check Details

Version: 1.1.0
Check: dependencies in R code
Result: NOTE
    Namespaces in Imports field not imported from:
     ‘Matrix’ ‘nnet’
     All declared Imports should be used.
Flavors: r-devel-linux-x86_64-fedora-clang, r-devel-linux-x86_64-fedora-gcc, r-patched-solaris-x86, r-oldrel-osx-x86_64

Version: 1.0.4
Check: dependencies in R code
Result: NOTE
    Namespaces in Imports field not imported from:
     ‘Matrix’ ‘nnet’
     All declared Imports should be used.
Flavor: r-release-osx-x86_64