Last updated on 2022-06-30 01:49:05 CEST.
Flavor | Version | Tinstall | Tcheck | Ttotal | Status | Flags |
---|---|---|---|---|---|---|
r-devel-linux-x86_64-debian-clang | 0.1.2 | 3.58 | 27.17 | 30.75 | OK | |
r-devel-linux-x86_64-debian-gcc | 0.1.2 | 2.87 | 21.49 | 24.36 | OK | |
r-devel-linux-x86_64-fedora-clang | 0.1.2 | 49.36 | NOTE | |||
r-devel-linux-x86_64-fedora-gcc | 0.1.2 | 48.60 | NOTE | |||
r-devel-windows-x86_64 | 0.1.2 | 23.00 | 56.00 | 79.00 | OK | |
r-patched-linux-x86_64 | 0.1.2 | 2.93 | 26.54 | 29.47 | OK | |
r-release-linux-x86_64 | 0.1.2 | 3.48 | 25.99 | 29.47 | OK | |
r-release-macos-arm64 | 0.1.2 | 20.00 | NOTE | |||
r-release-macos-x86_64 | 0.1.2 | 32.00 | NOTE | |||
r-release-windows-x86_64 | 0.1.2 | 41.00 | 63.00 | 104.00 | OK | |
r-oldrel-macos-arm64 | 0.1.2 | 25.00 | NOTE | |||
r-oldrel-macos-x86_64 | 0.1.2 | 31.00 | NOTE | |||
r-oldrel-windows-ix86+x86_64 | 0.1.2 | 8.00 | 50.00 | 58.00 | OK |
Version: 0.1.2
Check: data for non-ASCII characters
Result: NOTE
Note: found 30244 marked UTF-8 strings
Flavors: r-devel-linux-x86_64-fedora-clang, r-devel-linux-x86_64-fedora-gcc, r-release-macos-arm64, r-release-macos-x86_64, r-oldrel-macos-arm64, r-oldrel-macos-x86_64