Last updated on 2023-06-05 07:52:49 CEST.
Flavor | Version | Tinstall | Tcheck | Ttotal | Status | Flags |
---|---|---|---|---|---|---|
r-devel-linux-x86_64-debian-clang | 0.1.3 | 3.97 | 26.21 | 30.18 | OK | |
r-devel-linux-x86_64-debian-gcc | 0.1.3 | 2.69 | 20.75 | 23.44 | OK | |
r-devel-linux-x86_64-fedora-clang | 0.1.3 | 39.28 | NOTE | |||
r-devel-linux-x86_64-fedora-gcc | 0.1.3 | 35.65 | NOTE | |||
r-devel-windows-x86_64 | 0.1.3 | 6.00 | 46.00 | 52.00 | OK | |
r-patched-linux-x86_64 | 0.1.3 | 2.49 | 25.13 | 27.62 | OK | |
r-release-linux-x86_64 | 0.1.3 | 2.85 | 25.29 | 28.14 | OK | |
r-release-macos-arm64 | 0.1.3 | 20.00 | OK | |||
r-release-macos-x86_64 | 0.1.3 | 23.00 | OK | |||
r-release-windows-x86_64 | 0.1.3 | 7.00 | 46.00 | 53.00 | OK | |
r-oldrel-macos-arm64 | 0.1.3 | 19.00 | OK | |||
r-oldrel-macos-x86_64 | 0.1.3 | 23.00 | OK | |||
r-oldrel-windows-x86_64 | 0.1.3 | 6.00 | 46.00 | 52.00 | OK |
Version: 0.1.3
Check: data for non-ASCII characters
Result: NOTE
Note: found 30244 marked UTF-8 strings
Flavors: r-devel-linux-x86_64-fedora-clang, r-devel-linux-x86_64-fedora-gcc