CRAN Package Check Results for Package codemetar

Last updated on 2020-03-30 02:48:25 CEST.

Flavor Version Tinstall Tcheck Ttotal Status Flags
r-devel-linux-x86_64-debian-clang 0.1.8 OK
r-devel-linux-x86_64-debian-gcc 0.1.8 4.46 61.80 66.26 OK
r-devel-linux-x86_64-fedora-clang 0.1.8 73.50 NOTE
r-devel-linux-x86_64-fedora-gcc 0.1.8 68.47 NOTE
r-devel-windows-ix86+x86_64 0.1.8 14.00 85.00 99.00 OK
r-devel-windows-ix86+x86_64-gcc8 0.1.8 16.00 93.00 109.00 OK
r-patched-linux-x86_64 0.1.8 5.09 77.06 82.15 OK
r-patched-solaris-x86 0.1.8 92.20 WARN
r-release-linux-x86_64 0.1.8 4.21 70.94 75.15 OK
r-release-windows-ix86+x86_64 0.1.8 28.00 119.00 147.00 OK
r-release-osx-x86_64 0.1.8 NOTE
r-oldrel-windows-ix86+x86_64 0.1.8 17.00 117.00 134.00 OK
r-oldrel-osx-x86_64 0.1.8 NOTE

Check Details

Version: 0.1.8
Check: package dependencies
Result: NOTE
    Imports includes 21 non-default packages.
    Importing from so many packages makes the package vulnerable to any of
    them becoming unavailable. Move as many as possible to Suggests and
    use conditionally.
Flavor: r-devel-linux-x86_64-fedora-clang

Version: 0.1.8
Check: dependencies in R code
Result: NOTE
    Namespace in Imports field not imported from: ‘memoise’
     All declared Imports should be used.
Flavors: r-devel-linux-x86_64-fedora-clang, r-devel-linux-x86_64-fedora-gcc, r-patched-solaris-x86, r-release-osx-x86_64, r-oldrel-osx-x86_64

Version: 0.1.8
Check: re-building of vignette outputs
Result: WARN
    Error(s) in re-building vignettes:
     ...
    --- re-building ‘codemeta-intro.Rmd’ using rmarkdown
    Warning in engine$weave(file, quiet = quiet, encoding = enc) :
     Pandoc (>= 1.12.3) and/or pandoc-citeproc not available. Falling back to R Markdown v1.
    Quitting from lines 85-86 (codemeta-intro.Rmd)
    Error: processing vignette 'codemeta-intro.Rmd' failed with diagnostics:
    Timeout was reached: [sysreqs.r-hub.io] Operation timed out after 10003 milliseconds with 0 out of 0 bytes received
    --- failed re-building ‘codemeta-intro.Rmd’
    
    SUMMARY: processing the following file failed:
     ‘codemeta-intro.Rmd’
    
    Error: Vignette re-building failed.
    Execution halted
Flavor: r-patched-solaris-x86