CRAN Package Check Results for Package cofeatureR

Last updated on 2021-01-21 00:47:01 CET.

Flavor Version Tinstall Tcheck Ttotal Status Flags
r-devel-linux-x86_64-debian-clang 1.1.1 2.14 23.56 25.70 OK
r-devel-linux-x86_64-debian-gcc 1.1.1 1.73 18.79 20.52 OK
r-devel-linux-x86_64-fedora-clang 1.1.1 41.24 NOTE
r-devel-linux-x86_64-fedora-gcc 1.1.1 30.99 NOTE
r-devel-windows-ix86+x86_64 1.1.1 4.00 35.00 39.00 OK
r-patched-linux-x86_64 1.1.1 2.16 23.05 25.21 OK
r-patched-solaris-x86 1.1.1 48.10 NOTE
r-release-linux-x86_64 1.1.1 2.11 23.09 25.20 OK
r-release-macos-x86_64 1.1.1 NOTE
r-release-windows-ix86+x86_64 1.1.1 14.00 39.00 53.00 OK
r-oldrel-macos-x86_64 1.1.1 NOTE
r-oldrel-windows-ix86+x86_64 1.1.1 3.00 28.00 31.00 OK

Check Details

Version: 1.1.1
Check: dependencies in R code
Result: NOTE
    Namespace in Imports field not imported from: ‘tibble’
     All declared Imports should be used.
Flavors: r-devel-linux-x86_64-fedora-clang, r-devel-linux-x86_64-fedora-gcc, r-patched-solaris-x86, r-release-macos-x86_64, r-oldrel-macos-x86_64