CRAN Package Check Results for Package collapse

Last updated on 2021-01-21 00:47:01 CET.

Flavor Version Tinstall Tcheck Ttotal Status Flags
r-devel-linux-x86_64-debian-clang 1.5.1 327.35 294.28 621.63 OK
r-devel-linux-x86_64-debian-gcc 1.5.1 243.01 214.20 457.21 OK
r-devel-linux-x86_64-fedora-clang 1.5.1 830.09 OK
r-devel-linux-x86_64-fedora-gcc 1.5.1 806.51 OK
r-devel-windows-ix86+x86_64 1.5.1 576.00 434.00 1010.00 NOTE
r-patched-linux-x86_64 1.5.1 281.65 276.79 558.44 OK
r-patched-solaris-x86 1.5.1 745.10 OK
r-release-linux-x86_64 1.5.1 274.30 273.95 548.25 OK
r-release-macos-x86_64 1.5.1 NOTE
r-release-windows-ix86+x86_64 1.5.1 732.00 382.00 1114.00 NOTE
r-oldrel-macos-x86_64 1.5.1 NOTE
r-oldrel-windows-ix86+x86_64 1.5.1 513.00 372.00 885.00 NOTE

Check Details

Version: 1.5.1
Check: installed package size
Result: NOTE
     installed size is 7.0Mb
     sub-directories of 1Mb or more:
     libs 5.1Mb
Flavors: r-devel-windows-ix86+x86_64, r-release-macos-x86_64, r-release-windows-ix86+x86_64, r-oldrel-macos-x86_64, r-oldrel-windows-ix86+x86_64