CRAN Package Check Results for Package colocr

Last updated on 2019-10-15 01:50:16 CEST.

Flavor Version Tinstall Tcheck Ttotal Status Flags
r-devel-linux-x86_64-debian-clang 0.1.0 4.48 196.63 201.11 OK
r-devel-linux-x86_64-debian-gcc 0.1.0 3.39 144.59 147.98 OK
r-devel-linux-x86_64-fedora-clang 0.1.0 244.29 OK
r-devel-linux-x86_64-fedora-gcc 0.1.0 236.40 OK
r-devel-windows-ix86+x86_64 0.1.0 13.00 235.00 248.00 OK
r-patched-linux-x86_64 0.1.0 4.15 194.83 198.98 OK
r-patched-solaris-x86 0.1.0 323.00 ERROR
r-release-linux-x86_64 0.1.0 4.11 193.20 197.31 OK
r-release-windows-ix86+x86_64 0.1.0 21.00 227.00 248.00 OK
r-release-osx-x86_64 0.1.0 ERROR
r-oldrel-windows-ix86+x86_64 0.1.0 7.00 235.00 242.00 OK
r-oldrel-osx-x86_64 0.1.0 ERROR

Check Details

Version: 0.1.0
Check: tests
Result: ERROR
     Running ‘testthat.R’ [121s/145s]
    Running the tests in ‘tests/testthat.R’ failed.
    Complete output:
     > library(testthat)
     > library(shinytest)
     shinytest requires a headless web browser (PhantomJS) to record and run tests.
     To install it, run shinytest::installDependencies()
     If it is installed, please make sure the phantomjs executable can be found via the PATH variable.
     > library(colocr)
     >
     > test_check("colocr")
     ── 1. Failure: the app results are reproduced faithfuly (@test-reproduce_app.R#3
     all.equal(...) isn't true.
    
     ── 2. Failure: the app results are reproduced faithfuly (@test-reproduce_app.R#3
     all.equal(...) isn't true.
    
     ── 3. Failure: the app results are reproduced using imager only (@test-reproduce
     all.equal(round(stats$pcc, 3), round(unlist(corr), 3)) isn't true.
    
     ── 4. Failure: the app results are reproduced using imager only (@test-reproduce
     all.equal(round(stats$moc, 3), round(unlist(corr), 3)) isn't true.
    
     ══ testthat results ═══════════════════════════════════════════════════════════
     [ OK: 38 | SKIPPED: 1 | WARNINGS: 0 | FAILED: 4 ]
     1. Failure: the app results are reproduced faithfuly (@test-reproduce_app.R#32)
     2. Failure: the app results are reproduced faithfuly (@test-reproduce_app.R#35)
     3. Failure: the app results are reproduced using imager only (@test-reproduce_app.R#126)
     4. Failure: the app results are reproduced using imager only (@test-reproduce_app.R#145)
    
     Error: testthat unit tests failed
     Execution halted
Flavor: r-patched-solaris-x86

Version: 0.1.0
Check: tests
Result: ERROR
     Running ‘testthat.R’ [68s/69s]
    Running the tests in ‘tests/testthat.R’ failed.
    Last 13 lines of output:
     ── 3. Failure: the app results are reproduced using imager only (@test-reproduce
     all.equal(round(stats$pcc, 3), round(unlist(corr), 3)) isn't true.
    
     ── 4. Failure: the app results are reproduced using imager only (@test-reproduce
     all.equal(round(stats$moc, 3), round(unlist(corr), 3)) isn't true.
    
     ══ testthat results ═══════════════════════════════════════════════════════════
     [ OK: 38 | SKIPPED: 1 | WARNINGS: 0 | FAILED: 4 ]
     1. Failure: the app results are reproduced faithfuly (@test-reproduce_app.R#32)
     2. Failure: the app results are reproduced faithfuly (@test-reproduce_app.R#35)
     3. Failure: the app results are reproduced using imager only (@test-reproduce_app.R#126)
     4. Failure: the app results are reproduced using imager only (@test-reproduce_app.R#145)
    
     Error: testthat unit tests failed
     Execution halted
Flavor: r-release-osx-x86_64

Version: 0.1.0
Check: tests
Result: ERROR
     Running ‘testthat.R’ [74s/74s]
    Running the tests in ‘tests/testthat.R’ failed.
    Last 13 lines of output:
     ── 3. Failure: the app results are reproduced using imager only (@test-reproduce
     all.equal(round(stats$pcc, 3), round(unlist(corr), 3)) isn't true.
    
     ── 4. Failure: the app results are reproduced using imager only (@test-reproduce
     all.equal(round(stats$moc, 3), round(unlist(corr), 3)) isn't true.
    
     ══ testthat results ═══════════════════════════════════════════════════════════
     [ OK: 38 | SKIPPED: 1 | WARNINGS: 0 | FAILED: 4 ]
     1. Failure: the app results are reproduced faithfuly (@test-reproduce_app.R#32)
     2. Failure: the app results are reproduced faithfuly (@test-reproduce_app.R#35)
     3. Failure: the app results are reproduced using imager only (@test-reproduce_app.R#126)
     4. Failure: the app results are reproduced using imager only (@test-reproduce_app.R#145)
    
     Error: testthat unit tests failed
     Execution halted
Flavor: r-oldrel-osx-x86_64