CRAN Package Check Results for Package colorpatch

Last updated on 2020-04-09 01:53:08 CEST.

Flavor Version Tinstall Tcheck Ttotal Status Flags
r-devel-linux-x86_64-debian-clang 0.1.2 4.10 51.51 55.61 OK
r-devel-linux-x86_64-debian-gcc 0.1.2 4.11 39.96 44.07 OK
r-devel-linux-x86_64-fedora-clang 0.1.2 67.83 NOTE
r-devel-linux-x86_64-fedora-gcc 0.1.2 69.59 NOTE
r-devel-windows-ix86+x86_64 0.1.2 13.00 96.00 109.00 OK
r-devel-windows-ix86+x86_64-gcc8 0.1.2 14.00 66.00 80.00 OK
r-patched-linux-x86_64 0.1.2 4.41 49.66 54.07 OK
r-patched-solaris-x86 0.1.2 97.10 NOTE
r-release-linux-x86_64 0.1.2 3.51 45.98 49.49 OK
r-release-windows-ix86+x86_64 0.1.2 11.00 101.00 112.00 OK
r-release-osx-x86_64 0.1.2 NOTE
r-oldrel-windows-ix86+x86_64 0.1.2 10.00 92.00 102.00 OK
r-oldrel-osx-x86_64 0.1.2 NOTE

Check Details

Version: 0.1.2
Check: dependencies in R code
Result: NOTE
    Namespaces in Imports field not imported from:
     ‘grid’ ‘gridExtra’
     All declared Imports should be used.
Flavors: r-devel-linux-x86_64-fedora-clang, r-devel-linux-x86_64-fedora-gcc, r-patched-solaris-x86, r-release-osx-x86_64, r-oldrel-osx-x86_64