CRAN Package Check Results for Package colourpicker

Last updated on 2021-05-09 01:46:48 CEST.

Flavor Version Tinstall Tcheck Ttotal Status Flags
r-devel-linux-x86_64-debian-clang 1.1.0 4.76 39.62 44.38 NOTE
r-devel-linux-x86_64-debian-gcc 1.1.0 2.75 31.08 33.83 NOTE
r-devel-linux-x86_64-fedora-clang 1.1.0 63.66 NOTE
r-devel-linux-x86_64-fedora-gcc 1.1.0 52.96 NOTE
r-devel-windows-ix86+x86_64 1.1.0 8.00 62.00 70.00 NOTE
r-devel-windows-x86_64-gcc10-UCRT 1.1.0 NOTE
r-patched-linux-x86_64 1.1.0 4.00 39.12 43.12 NOTE
r-patched-solaris-x86 1.1.0 83.00 OK
r-release-linux-x86_64 1.1.0 4.35 38.12 42.47 OK
r-release-macos-x86_64 1.1.0 OK
r-release-windows-ix86+x86_64 1.1.0 8.00 46.00 54.00 OK
r-oldrel-macos-x86_64 1.1.0 OK
r-oldrel-windows-ix86+x86_64 1.1.0 9.00 58.00 67.00 OK

Check Details

Version: 1.1.0
Check: LazyData
Result: NOTE
     'LazyData' is specified without a 'data' directory
Flavors: r-devel-linux-x86_64-debian-clang, r-devel-linux-x86_64-debian-gcc, r-devel-linux-x86_64-fedora-clang, r-devel-linux-x86_64-fedora-gcc, r-devel-windows-ix86+x86_64, r-devel-windows-x86_64-gcc10-UCRT, r-patched-linux-x86_64